216.73.216.4 - - [02/May/2026:03:53:31 +0200] "GET /wp-includes/sodium_compat/src/Core/?C=S&O=A HTTP/1.1" 200 5012 "-" "Mozilla/5.0 AppleWebKit/537.36 (KHTML, like Gecko; compatible; ClaudeBot/1.0; +claudebot@anthropic.com)"
216.73.216.4 - - [02/May/2026:03:53:31 +0200] "GET /wp-includes/js/jquery/?C=D&O=D HTTP/1.1" 200 4213 "-" "Mozilla/5.0 AppleWebKit/537.36 (KHTML, like Gecko; compatible; ClaudeBot/1.0; +claudebot@anthropic.com)"
216.73.216.4 - - [02/May/2026:03:53:32 +0200] "GET /wp-includes/sodium_compat/src/Core/?C=D&O=A HTTP/1.1" 200 5012 "-" "Mozilla/5.0 AppleWebKit/537.36 (KHTML, like Gecko; compatible; ClaudeBot/1.0; +claudebot@anthropic.com)"
216.73.216.4 - - [02/May/2026:03:53:33 +0200] "GET /wp-includes/js/jquery/?C=M&O=D HTTP/1.1" 200 4213 "-" "Mozilla/5.0 AppleWebKit/537.36 (KHTML, like Gecko; compatible; ClaudeBot/1.0; +claudebot@anthropic.com)"
216.73.216.4 - - [02/May/2026:03:53:33 +0200] "GET /wp-includes/sodium_compat/src/Core/?C=M&O=A HTTP/1.1" 200 5012 "-" "Mozilla/5.0 AppleWebKit/537.36 (KHTML, like Gecko; compatible; ClaudeBot/1.0; +claudebot@anthropic.com)"
216.73.216.4 - - [02/May/2026:03:53:34 +0200] "GET /wp-includes/sodium_compat/src/Core/?C=N&O=D HTTP/1.1" 200 5012 "-" "Mozilla/5.0 AppleWebKit/537.36 (KHTML, like Gecko; compatible; ClaudeBot/1.0; +claudebot@anthropic.com)"
57.141.20.8 - - [02/May/2026:03:53:39 +0200] "GET /4671800914 HTTP/1.1" 404 - "-" "meta-externalagent/1.1 (+https://developers.facebook.com/docs/sharing/webmasters/crawler)"
216.73.216.4 - - [02/May/2026:03:53:41 +0200] "GET /wp-includes/js/jquery/?C=N&O=A HTTP/1.1" 200 4213 "-" "Mozilla/5.0 AppleWebKit/537.36 (KHTML, like Gecko; compatible; ClaudeBot/1.0; +claudebot@anthropic.com)"
216.73.216.4 - - [02/May/2026:03:53:41 +0200] "GET /wp-includes/sodium_compat/src/Core32/?C=S&O=A HTTP/1.1" 200 4129 "-" "Mozilla/5.0 AppleWebKit/537.36 (KHTML, like Gecko; compatible; ClaudeBot/1.0; +claudebot@anthropic.com)"
216.73.216.4 - - [02/May/2026:03:53:42 +0200] "GET /wp-includes/sodium_compat/src/Core32/?C=D&O=A HTTP/1.1" 200 4129 "-" "Mozilla/5.0 AppleWebKit/537.36 (KHTML, like Gecko; compatible; ClaudeBot/1.0; +claudebot@anthropic.com)"
216.73.216.4 - - [02/May/2026:03:53:42 +0200] "GET /wp-includes/sodium_compat/src/Core32/?C=M&O=A HTTP/1.1" 200 4129 "-" "Mozilla/5.0 AppleWebKit/537.36 (KHTML, like Gecko; compatible; ClaudeBot/1.0; +claudebot@anthropic.com)"
216.73.216.4 - - [02/May/2026:03:53:43 +0200] "GET /wp-includes/sodium_compat/src/Core32/?C=N&O=D HTTP/1.1" 200 4129 "-" "Mozilla/5.0 AppleWebKit/537.36 (KHTML, like Gecko; compatible; ClaudeBot/1.0; +claudebot@anthropic.com)"
216.73.216.4 - - [02/May/2026:03:53:44 +0200] "GET /wp-includes/rest-api/endpoints/?C=N&O=A HTTP/1.1" 200 9372 "-" "Mozilla/5.0 AppleWebKit/537.36 (KHTML, like Gecko; compatible; ClaudeBot/1.0; +claudebot@anthropic.com)"
216.73.216.4 - - [02/May/2026:03:53:44 +0200] "GET /wp-includes/js/codemirror/?C=N&O=A HTTP/1.1" 200 2140 "-" "Mozilla/5.0 AppleWebKit/537.36 (KHTML, like Gecko; compatible; ClaudeBot/1.0; +claudebot@anthropic.com)"
66.249.70.71 - - [02/May/2026:03:53:55 +0200] "GET /21208633545 HTTP/1.1" 404 - "-" "Mozilla/5.0 (Linux; Android 6.0.1; Nexus 5X Build/MMB29P) AppleWebKit/537.36 (KHTML, like Gecko) Chrome/147.0.7727.137 Mobile Safari/537.36 (compatible; GoogleOther)"
216.73.216.4 - - [02/May/2026:03:54:04 +0200] "GET /wp-includes/css/dist/block-directory/?C=S&O=A HTTP/1.1" 200 1442 "-" "Mozilla/5.0 AppleWebKit/537.36 (KHTML, like Gecko; compatible; ClaudeBot/1.0; +claudebot@anthropic.com)"
216.73.216.4 - - [02/May/2026:03:54:05 +0200] "GET /wp-includes/js/tinymce/langs/?C=M&O=A HTTP/1.1" 200 886 "-" "Mozilla/5.0 AppleWebKit/537.36 (KHTML, like Gecko; compatible; ClaudeBot/1.0; +claudebot@anthropic.com)"
216.73.216.4 - - [02/May/2026:03:54:05 +0200] "GET /wp-includes/css/dist/block-directory/?C=D&O=A HTTP/1.1" 200 1442 "-" "Mozilla/5.0 AppleWebKit/537.36 (KHTML, like Gecko; compatible; ClaudeBot/1.0; +claudebot@anthropic.com)"
216.73.216.4 - - [02/May/2026:03:54:06 +0200] "GET /wp-includes/js/tinymce/themes/?C=N&O=D HTTP/1.1" 200 1056 "-" "Mozilla/5.0 AppleWebKit/537.36 (KHTML, like Gecko; compatible; ClaudeBot/1.0; +claudebot@anthropic.com)"
216.73.216.4 - - [02/May/2026:03:54:07 +0200] "GET /wp-includes/js/tinymce/langs/?C=N&O=D HTTP/1.1" 200 886 "-" "Mozilla/5.0 AppleWebKit/537.36 (KHTML, like Gecko; compatible; ClaudeBot/1.0; +claudebot@anthropic.com)"
216.73.216.4 - - [02/May/2026:03:54:07 +0200] "GET /wp-includes/css/dist/block-directory/?C=M&O=A HTTP/1.1" 200 1442 "-" "Mozilla/5.0 AppleWebKit/537.36 (KHTML, like Gecko; compatible; ClaudeBot/1.0; +claudebot@anthropic.com)"
216.73.216.4 - - [02/May/2026:03:54:08 +0200] "GET /wp-includes/css/dist/block-directory/?C=N&O=D HTTP/1.1" 200 1442 "-" "Mozilla/5.0 AppleWebKit/537.36 (KHTML, like Gecko; compatible; ClaudeBot/1.0; +claudebot@anthropic.com)"
216.73.216.4 - - [02/May/2026:03:54:16 +0200] "GET /wp-includes/css/dist/commands/?C=M&O=A HTTP/1.1" 200 1428 "-" "Mozilla/5.0 AppleWebKit/537.36 (KHTML, like Gecko; compatible; ClaudeBot/1.0; +claudebot@anthropic.com)"
216.73.216.4 - - [02/May/2026:03:54:16 +0200] "GET /wp-includes/js/tinymce/themes/?C=S&O=A HTTP/1.1" 200 1056 "-" "Mozilla/5.0 AppleWebKit/537.36 (KHTML, like Gecko; compatible; ClaudeBot/1.0; +claudebot@anthropic.com)"
216.73.216.4 - - [02/May/2026:03:54:17 +0200] "GET /wp-includes/css/dist/commands/?C=N&O=D HTTP/1.1" 200 1428 "-" "Mozilla/5.0 AppleWebKit/537.36 (KHTML, like Gecko; compatible; ClaudeBot/1.0; +claudebot@anthropic.com)"
216.73.216.4 - - [02/May/2026:03:54:17 +0200] "GET /wp-includes/js/tinymce/langs/?C=S&O=A HTTP/1.1" 200 886 "-" "Mozilla/5.0 AppleWebKit/537.36 (KHTML, like Gecko; compatible; ClaudeBot/1.0; +claudebot@anthropic.com)"
216.73.216.4 - - [02/May/2026:03:54:18 +0200] "GET /wp-includes/js/tinymce/themes/?C=D&O=A HTTP/1.1" 200 1056 "-" "Mozilla/5.0 AppleWebKit/537.36 (KHTML, like Gecko; compatible; ClaudeBot/1.0; +claudebot@anthropic.com)"
216.73.216.4 - - [02/May/2026:03:54:18 +0200] "GET /wp-includes/js/tinymce/langs/?C=D&O=A HTTP/1.1" 200 886 "-" "Mozilla/5.0 AppleWebKit/537.36 (KHTML, like Gecko; compatible; ClaudeBot/1.0; +claudebot@anthropic.com)"
216.73.216.4 - - [02/May/2026:03:54:19 +0200] "GET /wp-includes/js/tinymce/themes/?C=M&O=A HTTP/1.1" 200 1056 "-" "Mozilla/5.0 AppleWebKit/537.36 (KHTML, like Gecko; compatible; ClaudeBot/1.0; +claudebot@anthropic.com)"
216.73.216.4 - - [02/May/2026:03:54:41 +0200] "GET /wp-includes/sodium_compat/src/PHP52/?C=S&O=A HTTP/1.1" 200 910 "-" "Mozilla/5.0 AppleWebKit/537.36 (KHTML, like Gecko; compatible; ClaudeBot/1.0; +claudebot@anthropic.com)"
216.73.216.4 - - [02/May/2026:03:54:42 +0200] "GET /wp-includes/sodium_compat/src/PHP52/?C=D&O=A HTTP/1.1" 200 910 "-" "Mozilla/5.0 AppleWebKit/537.36 (KHTML, like Gecko; compatible; ClaudeBot/1.0; +claudebot@anthropic.com)"
216.73.216.4 - - [02/May/2026:03:54:42 +0200] "GET /wp-includes/sodium_compat/src/PHP52/?C=M&O=A HTTP/1.1" 200 910 "-" "Mozilla/5.0 AppleWebKit/537.36 (KHTML, like Gecko; compatible; ClaudeBot/1.0; +claudebot@anthropic.com)"
216.73.216.4 - - [02/May/2026:03:54:43 +0200] "GET /wp-includes/sodium_compat/src/PHP52/?C=N&O=D HTTP/1.1" 200 910 "-" "Mozilla/5.0 AppleWebKit/537.36 (KHTML, like Gecko; compatible; ClaudeBot/1.0; +claudebot@anthropic.com)"
216.73.216.4 - - [02/May/2026:03:54:44 +0200] "GET /wp-includes/css/dist/commands/?C=S&O=A HTTP/1.1" 200 1428 "-" "Mozilla/5.0 AppleWebKit/537.36 (KHTML, like Gecko; compatible; ClaudeBot/1.0; +claudebot@anthropic.com)"
216.73.216.4 - - [02/May/2026:03:54:44 +0200] "GET /wp-includes/css/dist/commands/?C=D&O=A HTTP/1.1" 200 1428 "-" "Mozilla/5.0 AppleWebKit/537.36 (KHTML, like Gecko; compatible; ClaudeBot/1.0; +claudebot@anthropic.com)"
57.141.20.70 - - [02/May/2026:03:54:45 +0200] "GET /detail/574455481669 HTTP/1.1" 404 - "-" "meta-externalagent/1.1 (+https://developers.facebook.com/docs/sharing/webmasters/crawler)"
216.73.216.4 - - [02/May/2026:03:55:04 +0200] "GET /wp-includes/js/tinymce/?C=M&O=D HTTP/1.1" 200 2466 "-" "Mozilla/5.0 AppleWebKit/537.36 (KHTML, like Gecko; compatible; ClaudeBot/1.0; +claudebot@anthropic.com)"
216.73.216.4 - - [02/May/2026:03:55:04 +0200] "GET /wp-includes/js/tinymce/skins/lightgray/ HTTP/1.1" 200 1629 "-" "Mozilla/5.0 AppleWebKit/537.36 (KHTML, like Gecko; compatible; ClaudeBot/1.0; +claudebot@anthropic.com)"
216.73.216.4 - - [02/May/2026:03:55:05 +0200] "GET /wp-includes/js/tinymce/skins/wordpress/ HTTP/1.1" 200 1087 "-" "Mozilla/5.0 AppleWebKit/537.36 (KHTML, like Gecko; compatible; ClaudeBot/1.0; +claudebot@anthropic.com)"
216.73.216.4 - - [02/May/2026:03:55:06 +0200] "GET /wp-includes/js/codemirror/?C=M&O=D HTTP/1.1" 200 2140 "-" "Mozilla/5.0 AppleWebKit/537.36 (KHTML, like Gecko; compatible; ClaudeBot/1.0; +claudebot@anthropic.com)"
216.73.216.4 - - [02/May/2026:03:55:06 +0200] "GET /wp-includes/js/tinymce/?C=S&O=D HTTP/1.1" 200 2466 "-" "Mozilla/5.0 AppleWebKit/537.36 (KHTML, like Gecko; compatible; ClaudeBot/1.0; +claudebot@anthropic.com)"
216.73.216.4 - - [02/May/2026:03:55:07 +0200] "GET /wp-includes/js/tinymce/?C=D&O=D HTTP/1.1" 200 2466 "-" "Mozilla/5.0 AppleWebKit/537.36 (KHTML, like Gecko; compatible; ClaudeBot/1.0; +claudebot@anthropic.com)"
216.73.216.4 - - [02/May/2026:03:55:31 +0200] "GET /wp-includes/sodium_compat/src/?C=M&O=D HTTP/1.1" 200 2130 "-" "Mozilla/5.0 AppleWebKit/537.36 (KHTML, like Gecko; compatible; ClaudeBot/1.0; +claudebot@anthropic.com)"
216.73.216.4 - - [02/May/2026:03:55:31 +0200] "GET /wp-includes/js/tinymce/?C=N&O=A HTTP/1.1" 200 2466 "-" "Mozilla/5.0 AppleWebKit/537.36 (KHTML, like Gecko; compatible; ClaudeBot/1.0; +claudebot@anthropic.com)"
216.73.216.4 - - [02/May/2026:03:55:32 +0200] "GET /wp-includes/js/codemirror/?C=D&O=D HTTP/1.1" 200 2140 "-" "Mozilla/5.0 AppleWebKit/537.36 (KHTML, like Gecko; compatible; ClaudeBot/1.0; +claudebot@anthropic.com)"
66.249.70.65 - - [02/May/2026:03:55:41 +0200] "GET /15843939801 HTTP/1.1" 404 - "-" "Mozilla/5.0 (Linux; Android 6.0.1; Nexus 5X Build/MMB29P) AppleWebKit/537.36 (KHTML, like Gecko) Chrome/147.0.7727.137 Mobile Safari/537.36 (compatible; GoogleOther)"
216.73.216.4 - - [02/May/2026:03:55:52 +0200] "GET /wp-includes/rest-api/search/?C=M&O=D HTTP/1.1" 200 1534 "-" "Mozilla/5.0 AppleWebKit/537.36 (KHTML, like Gecko; compatible; ClaudeBot/1.0; +claudebot@anthropic.com)"
216.73.216.4 - - [02/May/2026:03:55:52 +0200] "GET /wp-includes/sodium_compat/src/?C=S&O=D HTTP/1.1" 200 2130 "-" "Mozilla/5.0 AppleWebKit/537.36 (KHTML, like Gecko; compatible; ClaudeBot/1.0; +claudebot@anthropic.com)"
57.141.20.42 - - [02/May/2026:03:55:52 +0200] "GET /12823328361 HTTP/1.1" 404 - "-" "meta-externalagent/1.1 (+https://developers.facebook.com/docs/sharing/webmasters/crawler)"
216.73.216.4 - - [02/May/2026:03:55:53 +0200] "GET /wp-includes/sodium_compat/src/?C=D&O=D HTTP/1.1" 200 2130 "-" "Mozilla/5.0 AppleWebKit/537.36 (KHTML, like Gecko; compatible; ClaudeBot/1.0; +claudebot@anthropic.com)"
66.249.70.65 - - [02/May/2026:03:56:06 +0200] "GET /5861142441 HTTP/1.1" 404 - "-" "Mozilla/5.0 (Linux; Android 6.0.1; Nexus 5X Build/MMB29P) AppleWebKit/537.36 (KHTML, like Gecko) Chrome/147.0.7727.137 Mobile Safari/537.36 (compatible; GoogleOther)"
216.73.216.4 - - [02/May/2026:03:56:11 +0200] "GET /wp-includes/sodium_compat/lib/?C=M&O=D HTTP/1.1" 200 2373 "-" "Mozilla/5.0 AppleWebKit/537.36 (KHTML, like Gecko; compatible; ClaudeBot/1.0; +claudebot@anthropic.com)"
216.73.216.4 - - [02/May/2026:03:56:12 +0200] "GET /wp-includes/rest-api/search/?C=S&O=D HTTP/1.1" 200 1534 "-" "Mozilla/5.0 AppleWebKit/537.36 (KHTML, like Gecko; compatible; ClaudeBot/1.0; +claudebot@anthropic.com)"
216.73.216.4 - - [02/May/2026:03:56:13 +0200] "GET /wp-includes/rest-api/search/?C=D&O=D HTTP/1.1" 200 1534 "-" "Mozilla/5.0 AppleWebKit/537.36 (KHTML, like Gecko; compatible; ClaudeBot/1.0; +claudebot@anthropic.com)"
216.73.216.4 - - [02/May/2026:03:56:27 +0200] "GET /wp-includes/sodium_compat/src/?C=N&O=A HTTP/1.1" 200 2130 "-" "Mozilla/5.0 AppleWebKit/537.36 (KHTML, like Gecko; compatible; ClaudeBot/1.0; +claudebot@anthropic.com)"
66.249.70.64 - - [02/May/2026:03:56:27 +0200] "GET /3112106745 HTTP/1.1" 404 - "-" "Mozilla/5.0 (Linux; Android 6.0.1; Nexus 5X Build/MMB29P) AppleWebKit/537.36 (KHTML, like Gecko) Chrome/147.0.7727.137 Mobile Safari/537.36 (compatible; GoogleOther)"
216.73.216.4 - - [02/May/2026:03:56:27 +0200] "GET /wp-includes/sodium_compat/lib/?C=D&O=D HTTP/1.1" 200 2373 "-" "Mozilla/5.0 AppleWebKit/537.36 (KHTML, like Gecko; compatible; ClaudeBot/1.0; +claudebot@anthropic.com)"
216.73.216.4 - - [02/May/2026:03:56:55 +0200] "GET /wp-includes/rest-api/search/?C=N&O=A HTTP/1.1" 200 1534 "-" "Mozilla/5.0 AppleWebKit/537.36 (KHTML, like Gecko; compatible; ClaudeBot/1.0; +claudebot@anthropic.com)"
216.73.216.4 - - [02/May/2026:03:56:55 +0200] "GET /wp-includes/sodium_compat/lib/?C=S&O=D HTTP/1.1" 200 2373 "-" "Mozilla/5.0 AppleWebKit/537.36 (KHTML, like Gecko; compatible; ClaudeBot/1.0; +claudebot@anthropic.com)"
216.73.216.4 - - [02/May/2026:03:56:58 +0200] "GET /wp-includes/js/tinymce/skins/?C=M&O=A HTTP/1.1" 200 1060 "-" "Mozilla/5.0 AppleWebKit/537.36 (KHTML, like Gecko; compatible; ClaudeBot/1.0; +claudebot@anthropic.com)"
216.73.216.4 - - [02/May/2026:03:56:59 +0200] "GET /wp-includes/js/tinymce/skins/?C=N&O=D HTTP/1.1" 200 1060 "-" "Mozilla/5.0 AppleWebKit/537.36 (KHTML, like Gecko; compatible; ClaudeBot/1.0; +claudebot@anthropic.com)"
57.141.20.60 - - [02/May/2026:03:56:59 +0200] "GET /detail/109660578386 HTTP/1.1" 404 - "-" "meta-externalagent/1.1 (+https://developers.facebook.com/docs/sharing/webmasters/crawler)"
216.73.216.4 - - [02/May/2026:03:57:12 +0200] "GET /wp-includes/js/tinymce/skins/?C=D&O=A HTTP/1.1" 200 1060 "-" "Mozilla/5.0 AppleWebKit/537.36 (KHTML, like Gecko; compatible; ClaudeBot/1.0; +claudebot@anthropic.com)"
216.73.216.4 - - [02/May/2026:03:57:12 +0200] "GET /wp-includes/sodium_compat/lib/?C=N&O=A HTTP/1.1" 200 2373 "-" "Mozilla/5.0 AppleWebKit/537.36 (KHTML, like Gecko; compatible; ClaudeBot/1.0; +claudebot@anthropic.com)"
66.249.70.71 - - [02/May/2026:03:57:13 +0200] "GET /4576121145 HTTP/1.1" 404 - "-" "Mozilla/5.0 (Linux; Android 6.0.1; Nexus 5X Build/MMB29P) AppleWebKit/537.36 (KHTML, like Gecko) Chrome/147.0.7727.137 Mobile Safari/537.36 (compatible; GoogleOther)"
66.249.70.71 - - [02/May/2026:03:57:27 +0200] "GET /7511301945 HTTP/1.1" 404 - "-" "Mozilla/5.0 (Linux; Android 6.0.1; Nexus 5X Build/MMB29P) AppleWebKit/537.36 (KHTML, like Gecko) Chrome/147.0.7727.137 Mobile Safari/537.36 (compatible; GoogleOther)"
216.73.216.4 - - [02/May/2026:03:57:33 +0200] "GET /wp-includes/js/swfupload/?C=S&O=D HTTP/1.1" 200 1409 "-" "Mozilla/5.0 AppleWebKit/537.36 (KHTML, like Gecko; compatible; ClaudeBot/1.0; +claudebot@anthropic.com)"
216.73.216.4 - - [02/May/2026:03:57:34 +0200] "GET /wp-includes/js/tinymce/skins/?C=S&O=A HTTP/1.1" 200 1060 "-" "Mozilla/5.0 AppleWebKit/537.36 (KHTML, like Gecko; compatible; ClaudeBot/1.0; +claudebot@anthropic.com)"
216.73.216.4 - - [02/May/2026:03:57:42 +0200] "GET /wp-includes/js/swfupload/?C=N&O=A HTTP/1.1" 200 1409 "-" "Mozilla/5.0 AppleWebKit/537.36 (KHTML, like Gecko; compatible; ClaudeBot/1.0; +claudebot@anthropic.com)"
216.73.216.4 - - [02/May/2026:03:57:43 +0200] "GET /wp-includes/js/jcrop/?C=S&O=D HTTP/1.1" 200 1232 "-" "Mozilla/5.0 AppleWebKit/537.36 (KHTML, like Gecko; compatible; ClaudeBot/1.0; +claudebot@anthropic.com)"
40.77.167.45 - - [02/May/2026:03:57:58 +0200] "GET /13244652681 HTTP/1.1" 404 - "-" "Mozilla/5.0 AppleWebKit/537.36 (KHTML, like Gecko; compatible; bingbot/2.0; +http://www.bing.com/bingbot.htm) Chrome/116.0.1938.76 Safari/537.36"
57.141.20.8 - - [02/May/2026:03:58:06 +0200] "GET /11917363065 HTTP/1.1" 404 - "-" "meta-externalagent/1.1 (+https://developers.facebook.com/docs/sharing/webmasters/crawler)"
216.73.216.4 - - [02/May/2026:03:58:18 +0200] "GET /wp-includes/js/imgareaselect/?C=M&O=D HTTP/1.1" 200 1640 "-" "Mozilla/5.0 AppleWebKit/537.36 (KHTML, like Gecko; compatible; ClaudeBot/1.0; +claudebot@anthropic.com)"
216.73.216.4 - - [02/May/2026:03:58:18 +0200] "GET /wp-includes/js/jcrop/?C=N&O=A HTTP/1.1" 200 1232 "-" "Mozilla/5.0 AppleWebKit/537.36 (KHTML, like Gecko; compatible; ClaudeBot/1.0; +claudebot@anthropic.com)"
216.73.216.4 - - [02/May/2026:03:58:25 +0200] "GET /wp-includes/js/imgareaselect/?C=S&O=D HTTP/1.1" 200 1640 "-" "Mozilla/5.0 AppleWebKit/537.36 (KHTML, like Gecko; compatible; ClaudeBot/1.0; +claudebot@anthropic.com)"
216.73.216.4 - - [02/May/2026:03:58:26 +0200] "GET /wp-includes/js/imgareaselect/?C=D&O=D HTTP/1.1" 200 1640 "-" "Mozilla/5.0 AppleWebKit/537.36 (KHTML, like Gecko; compatible; ClaudeBot/1.0; +claudebot@anthropic.com)"
66.249.70.65 - - [02/May/2026:03:58:40 +0200] "GET /13642983321 HTTP/1.1" 404 - "-" "Mozilla/5.0 (Linux; Android 6.0.1; Nexus 5X Build/MMB29P) AppleWebKit/537.36 (KHTML, like Gecko) Chrome/147.0.7727.137 Mobile Safari/537.36 (compatible; GoogleOther)"
216.73.216.4 - - [02/May/2026:03:58:58 +0200] "GET /wp-includes/js/imgareaselect/?C=N&O=A HTTP/1.1" 200 1640 "-" "Mozilla/5.0 AppleWebKit/537.36 (KHTML, like Gecko; compatible; ClaudeBot/1.0; +claudebot@anthropic.com)"
66.249.70.65 - - [02/May/2026:03:58:59 +0200] "GET /1638222585 HTTP/1.1" 404 - "-" "Mozilla/5.0 (Linux; Android 6.0.1; Nexus 5X Build/MMB29P) AppleWebKit/537.36 (KHTML, like Gecko) Chrome/147.0.7727.137 Mobile Safari/537.36 (compatible; GoogleOther)"
216.73.216.4 - - [02/May/2026:03:59:04 +0200] "GET /wp-includes/js/dist/development/react-refresh-entry.min.js HTTP/1.1" 200 71324 "-" "Mozilla/5.0 AppleWebKit/537.36 (KHTML, like Gecko; compatible; ClaudeBot/1.0; +claudebot@anthropic.com)"
216.73.216.4 - - [02/May/2026:03:59:05 +0200] "GET /wp-includes/js/dist/development/react-refresh-runtime.min.js HTTP/1.1" 200 29714 "-" "Mozilla/5.0 AppleWebKit/537.36 (KHTML, like Gecko; compatible; ClaudeBot/1.0; +claudebot@anthropic.com)"
216.73.216.4 - - [02/May/2026:03:59:05 +0200] "GET /wp-includes/js/dist/development/react-refresh-entry.js HTTP/1.1" 200 71324 "-" "Mozilla/5.0 AppleWebKit/537.36 (KHTML, like Gecko; compatible; ClaudeBot/1.0; +claudebot@anthropic.com)"
216.73.216.4 - - [02/May/2026:03:59:06 +0200] "GET /wp-includes/js/dist/script-modules/interactivity/ HTTP/1.1" 200 112317 "-" "Mozilla/5.0 AppleWebKit/537.36 (KHTML, like Gecko; compatible; ClaudeBot/1.0; +claudebot@anthropic.com)"
216.73.216.4 - - [02/May/2026:03:59:07 +0200] "GET /wp-includes/js/dist/development/react-refresh-runtime.js HTTP/1.1" 200 29714 "-" "Mozilla/5.0 AppleWebKit/537.36 (KHTML, like Gecko; compatible; ClaudeBot/1.0; +claudebot@anthropic.com)"
216.73.216.4 - - [02/May/2026:03:59:11 +0200] "GET /wp-includes/js/dist/vendor/react-jsx-runtime.js HTTP/1.1" 200 52833 "-" "Mozilla/5.0 AppleWebKit/537.36 (KHTML, like Gecko; compatible; ClaudeBot/1.0; +claudebot@anthropic.com)"
216.73.216.4 - - [02/May/2026:03:59:12 +0200] "GET /wp-includes/js/dist/script-modules/a11y/ HTTP/1.1" 200 10366 "-" "Mozilla/5.0 AppleWebKit/537.36 (KHTML, like Gecko; compatible; ClaudeBot/1.0; +claudebot@anthropic.com)"
216.73.216.4 - - [02/May/2026:03:59:12 +0200] "GET /wp-includes/js/dist/vendor/react.js HTTP/1.1" 200 115487 "-" "Mozilla/5.0 AppleWebKit/537.36 (KHTML, like Gecko; compatible; ClaudeBot/1.0; +claudebot@anthropic.com)"
57.141.20.0 - - [02/May/2026:03:59:12 +0200] "GET /4079415096 HTTP/1.1" 404 - "-" "meta-externalagent/1.1 (+https://developers.facebook.com/docs/sharing/webmasters/crawler)"
66.249.70.64 - - [02/May/2026:03:59:13 +0200] "GET /2349646329 HTTP/1.1" 404 - "-" "Mozilla/5.0 (Linux; Android 6.0.1; Nexus 5X Build/MMB29P) AppleWebKit/537.36 (KHTML, like Gecko) Chrome/147.0.7727.137 Mobile Safari/537.36 (compatible; GoogleOther)"
216.73.216.4 - - [02/May/2026:03:59:13 +0200] "GET /wp-includes/js/dist/script-modules/interactivity-router/ HTTP/1.1" 200 23019 "-" "Mozilla/5.0 AppleWebKit/537.36 (KHTML, like Gecko; compatible; ClaudeBot/1.0; +claudebot@anthropic.com)"
216.73.216.4 - - [02/May/2026:03:59:13 +0200] "GET /wp-includes/js/dist/script-modules/block-library/ HTTP/1.1" 200 1804 "-" "Mozilla/5.0 AppleWebKit/537.36 (KHTML, like Gecko; compatible; ClaudeBot/1.0; +claudebot@anthropic.com)"
216.73.216.4 - - [02/May/2026:03:59:46 +0200] "GET /wp-includes/js/dist/vendor/wp-polyfill-formdata.js HTTP/1.1" 200 17430 "-" "Mozilla/5.0 AppleWebKit/537.36 (KHTML, like Gecko; compatible; ClaudeBot/1.0; +claudebot@anthropic.com)"
216.73.216.4 - - [02/May/2026:03:59:46 +0200] "GET /wp-includes/js/dist/vendor/react-dom.min.js HTTP/1.1" 200 134503 "-" "Mozilla/5.0 AppleWebKit/537.36 (KHTML, like Gecko; compatible; ClaudeBot/1.0; +claudebot@anthropic.com)"
216.73.216.4 - - [02/May/2026:03:59:47 +0200] "GET /wp-includes/js/dist/vendor/react-jsx-runtime.min.js HTTP/1.1" 200 6457 "-" "Mozilla/5.0 AppleWebKit/537.36 (KHTML, like Gecko; compatible; ClaudeBot/1.0; +claudebot@anthropic.com)"
216.73.216.4 - - [02/May/2026:03:59:47 +0200] "GET /wp-includes/js/dist/vendor/react-dom.js HTTP/1.1" 200 1085783 "-" "Mozilla/5.0 AppleWebKit/537.36 (KHTML, like Gecko; compatible; ClaudeBot/1.0; +claudebot@anthropic.com)"
216.73.216.4 - - [02/May/2026:03:59:48 +0200] "GET /wp-includes/js/dist/vendor/react.min.js HTTP/1.1" 200 16185 "-" "Mozilla/5.0 AppleWebKit/537.36 (KHTML, like Gecko; compatible; ClaudeBot/1.0; +claudebot@anthropic.com)"
216.73.216.4 - - [02/May/2026:03:59:50 +0200] "GET /wp-includes/js/dist/vendor/wp-polyfill-node-contains.min.js HTTP/1.1" 200 5905 "-" "Mozilla/5.0 AppleWebKit/537.36 (KHTML, like Gecko; compatible; ClaudeBot/1.0; +claudebot@anthropic.com)"
216.73.216.4 - - [02/May/2026:03:59:50 +0200] "GET /wp-includes/js/dist/vendor/regenerator-runtime.js HTTP/1.1" 200 30863 "-" "Mozilla/5.0 AppleWebKit/537.36 (KHTML, like Gecko; compatible; ClaudeBot/1.0; +claudebot@anthropic.com)"
216.73.216.4 - - [02/May/2026:03:59:51 +0200] "GET /wp-includes/js/dist/vendor/wp-polyfill-formdata.min.js HTTP/1.1" 200 14331 "-" "Mozilla/5.0 AppleWebKit/537.36 (KHTML, like Gecko; compatible; ClaudeBot/1.0; +claudebot@anthropic.com)"
216.73.216.4 - - [02/May/2026:03:59:52 +0200] "GET /wp-includes/js/dist/vendor/wp-polyfill-node-contains.js HTTP/1.1" 200 6198 "-" "Mozilla/5.0 AppleWebKit/537.36 (KHTML, like Gecko; compatible; ClaudeBot/1.0; +claudebot@anthropic.com)"
216.73.216.4 - - [02/May/2026:03:59:52 +0200] "GET /wp-includes/js/dist/vendor/wp-polyfill.js HTTP/1.1" 200 142509 "-" "Mozilla/5.0 AppleWebKit/537.36 (KHTML, like Gecko; compatible; ClaudeBot/1.0; +claudebot@anthropic.com)"
216.73.216.4 - - [02/May/2026:04:00:19 +0200] "GET /wp-includes/js/dist/script-modules/?C=D&O=A HTTP/1.1" 200 1439 "-" "Mozilla/5.0 AppleWebKit/537.36 (KHTML, like Gecko; compatible; ClaudeBot/1.0; +claudebot@anthropic.com)"
216.73.216.4 - - [02/May/2026:04:00:19 +0200] "GET /wp-includes/js/dist/script-modules/?C=M&O=A HTTP/1.1" 200 1439 "-" "Mozilla/5.0 AppleWebKit/537.36 (KHTML, like Gecko; compatible; ClaudeBot/1.0; +claudebot@anthropic.com)"
216.73.216.4 - - [02/May/2026:04:00:20 +0200] "GET /wp-includes/js/dist/vendor/wp-polyfill.min.js HTTP/1.1" 200 46804 "-" "Mozilla/5.0 AppleWebKit/537.36 (KHTML, like Gecko; compatible; ClaudeBot/1.0; +claudebot@anthropic.com)"
216.73.216.4 - - [02/May/2026:04:00:21 +0200] "GET /wp-includes/js/dist/script-modules/?C=N&O=D HTTP/1.1" 200 1439 "-" "Mozilla/5.0 AppleWebKit/537.36 (KHTML, like Gecko; compatible; ClaudeBot/1.0; +claudebot@anthropic.com)"
216.73.216.4 - - [02/May/2026:04:00:21 +0200] "GET /wp-includes/js/dist/vendor/lodash.js HTTP/1.1" 200 549654 "-" "Mozilla/5.0 AppleWebKit/537.36 (KHTML, like Gecko; compatible; ClaudeBot/1.0; +claudebot@anthropic.com)"
216.73.216.4 - - [02/May/2026:04:00:26 +0200] "GET /wp-includes/js/dist/vendor/wp-polyfill-dom-rect.js HTTP/1.1" 200 7482 "-" "Mozilla/5.0 AppleWebKit/537.36 (KHTML, like Gecko; compatible; ClaudeBot/1.0; +claudebot@anthropic.com)"
216.73.216.4 - - [02/May/2026:04:00:26 +0200] "GET /wp-includes/js/dist/vendor/wp-polyfill-element-closest.js HTTP/1.1" 200 5984 "-" "Mozilla/5.0 AppleWebKit/537.36 (KHTML, like Gecko; compatible; ClaudeBot/1.0; +claudebot@anthropic.com)"
216.73.216.4 - - [02/May/2026:04:00:27 +0200] "GET /wp-includes/js/dist/vendor/wp-polyfill-url.js HTTP/1.1" 200 115888 "-" "Mozilla/5.0 AppleWebKit/537.36 (KHTML, like Gecko; compatible; ClaudeBot/1.0; +claudebot@anthropic.com)"
216.73.216.4 - - [02/May/2026:04:00:27 +0200] "GET /wp-includes/js/dist/vendor/regenerator-runtime.min.js HTTP/1.1" 200 12155 "-" "Mozilla/5.0 AppleWebKit/537.36 (KHTML, like Gecko; compatible; ClaudeBot/1.0; +claudebot@anthropic.com)"
216.73.216.4 - - [02/May/2026:04:00:28 +0200] "GET /wp-includes/js/dist/script-modules/?C=S&O=A HTTP/1.1" 200 1439 "-" "Mozilla/5.0 AppleWebKit/537.36 (KHTML, like Gecko; compatible; ClaudeBot/1.0; +claudebot@anthropic.com)"
216.73.216.4 - - [02/May/2026:04:00:35 +0200] "GET /wp-includes/js/dist/vendor/wp-polyfill-inert.js HTTP/1.1" 200 35778 "-" "Mozilla/5.0 AppleWebKit/537.36 (KHTML, like Gecko; compatible; ClaudeBot/1.0; +claudebot@anthropic.com)"
216.73.216.4 - - [02/May/2026:04:00:36 +0200] "GET /wp-includes/js/dist/vendor/lodash.min.js HTTP/1.1" 200 76264 "-" "Mozilla/5.0 AppleWebKit/537.36 (KHTML, like Gecko; compatible; ClaudeBot/1.0; +claudebot@anthropic.com)"
216.73.216.4 - - [02/May/2026:04:00:36 +0200] "GET /wp-includes/js/dist/vendor/wp-polyfill-object-fit.js HTTP/1.1" 200 14741 "-" "Mozilla/5.0 AppleWebKit/537.36 (KHTML, like Gecko; compatible; ClaudeBot/1.0; +claudebot@anthropic.com)"
216.73.216.4 - - [02/May/2026:04:00:37 +0200] "GET /wp-includes/js/dist/vendor/wp-polyfill-fetch.js HTTP/1.1" 200 25371 "-" "Mozilla/5.0 AppleWebKit/537.36 (KHTML, like Gecko; compatible; ClaudeBot/1.0; +claudebot@anthropic.com)"
66.249.70.71 - - [02/May/2026:04:00:59 +0200] "GET /16563538281 HTTP/1.1" 404 - "-" "Mozilla/5.0 (Linux; Android 6.0.1; Nexus 5X Build/MMB29P) AppleWebKit/537.36 (KHTML, like Gecko) Chrome/147.0.7727.137 Mobile Safari/537.36 (compatible; GoogleOther)"
66.249.70.71 - - [02/May/2026:04:01:06 +0200] "GET /2965097385 HTTP/1.1" 404 - "-" "Mozilla/5.0 (Linux; Android 6.0.1; Nexus 5X Build/MMB29P) AppleWebKit/537.36 (KHTML, like Gecko) Chrome/147.0.7727.137 Mobile Safari/537.36 (compatible; GoogleOther)"
216.73.216.4 - - [02/May/2026:04:01:08 +0200] "GET /wp-includes/js/dist/vendor/wp-polyfill-fetch.min.js HTTP/1.1" 200 15565 "-" "Mozilla/5.0 AppleWebKit/537.36 (KHTML, like Gecko; compatible; ClaudeBot/1.0; +claudebot@anthropic.com)"
216.73.216.4 - - [02/May/2026:04:01:08 +0200] "GET /wp-includes/js/dist/vendor/wp-polyfill-dom-rect.min.js HTTP/1.1" 200 6417 "-" "Mozilla/5.0 AppleWebKit/537.36 (KHTML, like Gecko; compatible; ClaudeBot/1.0; +claudebot@anthropic.com)"
216.73.216.4 - - [02/May/2026:04:01:08 +0200] "GET /wp-includes/js/dist/vendor/wp-polyfill-url.min.js HTTP/1.1" 200 52632 "-" "Mozilla/5.0 AppleWebKit/537.36 (KHTML, like Gecko; compatible; ClaudeBot/1.0; +claudebot@anthropic.com)"
216.73.216.4 - - [02/May/2026:04:01:09 +0200] "GET /wp-includes/js/dist/vendor/wp-polyfill-element-closest.min.js HTTP/1.1" 200 5982 "-" "Mozilla/5.0 AppleWebKit/537.36 (KHTML, like Gecko; compatible; ClaudeBot/1.0; +claudebot@anthropic.com)"
216.73.216.4 - - [02/May/2026:04:01:12 +0200] "GET /wp-includes/js/dist/development/?C=N&O=D HTTP/1.1" 200 1488 "-" "Mozilla/5.0 AppleWebKit/537.36 (KHTML, like Gecko; compatible; ClaudeBot/1.0; +claudebot@anthropic.com)"
216.73.216.4 - - [02/May/2026:04:01:12 +0200] "GET /wp-includes/js/dist/vendor/moment.js HTTP/1.1" 200 181991 "-" "Mozilla/5.0 AppleWebKit/537.36 (KHTML, like Gecko; compatible; ClaudeBot/1.0; +claudebot@anthropic.com)"
216.73.216.4 - - [02/May/2026:04:01:13 +0200] "GET /wp-includes/js/dist/vendor/wp-polyfill-inert.min.js HTTP/1.1" 200 13765 "-" "Mozilla/5.0 AppleWebKit/537.36 (KHTML, like Gecko; compatible; ClaudeBot/1.0; +claudebot@anthropic.com)"
216.73.216.4 - - [02/May/2026:04:01:13 +0200] "GET /wp-includes/js/dist/vendor/wp-polyfill-object-fit.min.js HTTP/1.1" 200 8532 "-" "Mozilla/5.0 AppleWebKit/537.36 (KHTML, like Gecko; compatible; ClaudeBot/1.0; +claudebot@anthropic.com)"
216.73.216.4 - - [02/May/2026:04:01:26 +0200] "GET /wp-includes/js/dist/vendor/react-jsx-runtime.min.js.LICENSE.txt HTTP/1.1" 200 249 "-" "Mozilla/5.0 AppleWebKit/537.36 (KHTML, like Gecko; compatible; ClaudeBot/1.0; +claudebot@anthropic.com)"
216.73.216.4 - - [02/May/2026:04:01:26 +0200] "GET /wp-includes/js/dist/development/?C=S&O=A HTTP/1.1" 200 1488 "-" "Mozilla/5.0 AppleWebKit/537.36 (KHTML, like Gecko; compatible; ClaudeBot/1.0; +claudebot@anthropic.com)"
216.73.216.4 - - [02/May/2026:04:01:27 +0200] "GET /wp-includes/js/dist/development/?C=D&O=A HTTP/1.1" 200 1488 "-" "Mozilla/5.0 AppleWebKit/537.36 (KHTML, like Gecko; compatible; ClaudeBot/1.0; +claudebot@anthropic.com)"
216.73.216.4 - - [02/May/2026:04:01:27 +0200] "GET /wp-includes/js/dist/development/?C=M&O=A HTTP/1.1" 200 1488 "-" "Mozilla/5.0 AppleWebKit/537.36 (KHTML, like Gecko; compatible; ClaudeBot/1.0; +claudebot@anthropic.com)"
66.249.70.71 - - [02/May/2026:04:01:45 +0200] "GET /2254224345 HTTP/1.1" 404 - "-" "Mozilla/5.0 (Linux; Android 6.0.1; Nexus 5X Build/MMB29P) AppleWebKit/537.36 (KHTML, like Gecko) Chrome/147.0.7727.137 Mobile Safari/537.36 (compatible; GoogleOther)"
216.73.216.4 - - [02/May/2026:04:01:51 +0200] "GET /wp-includes/js/dist/?C=S&O=D HTTP/1.1" 200 22862 "-" "Mozilla/5.0 AppleWebKit/537.36 (KHTML, like Gecko; compatible; ClaudeBot/1.0; +claudebot@anthropic.com)"
216.73.216.4 - - [02/May/2026:04:01:52 +0200] "GET /wp-includes/js/crop/?C=M&O=D HTTP/1.1" 200 1402 "-" "Mozilla/5.0 AppleWebKit/537.36 (KHTML, like Gecko; compatible; ClaudeBot/1.0; +claudebot@anthropic.com)"
216.73.216.4 - - [02/May/2026:04:01:52 +0200] "GET /wp-includes/js/dist/?C=D&O=D HTTP/1.1" 200 22862 "-" "Mozilla/5.0 AppleWebKit/537.36 (KHTML, like Gecko; compatible; ClaudeBot/1.0; +claudebot@anthropic.com)"
216.73.216.4 - - [02/May/2026:04:01:53 +0200] "GET /wp-includes/js/dist/vendor/moment.min.js HTTP/1.1" 200 64369 "-" "Mozilla/5.0 AppleWebKit/537.36 (KHTML, like Gecko; compatible; ClaudeBot/1.0; +claudebot@anthropic.com)"
66.249.70.64 - - [02/May/2026:04:02:03 +0200] "GET /1857889113 HTTP/1.1" 404 - "-" "Mozilla/5.0 (Linux; Android 6.0.1; Nexus 5X Build/MMB29P) AppleWebKit/537.36 (KHTML, like Gecko) Chrome/147.0.7727.137 Mobile Safari/537.36 (compatible; GoogleOther)"
216.73.216.4 - - [02/May/2026:04:02:04 +0200] "GET /wp-includes/js/jcrop/?C=M&O=D HTTP/1.1" 200 1232 "-" "Mozilla/5.0 AppleWebKit/537.36 (KHTML, like Gecko; compatible; ClaudeBot/1.0; +claudebot@anthropic.com)"
216.73.216.4 - - [02/May/2026:04:02:04 +0200] "GET /wp-includes/js/swfupload/?C=M&O=D HTTP/1.1" 200 1409 "-" "Mozilla/5.0 AppleWebKit/537.36 (KHTML, like Gecko; compatible; ClaudeBot/1.0; +claudebot@anthropic.com)"
216.73.216.4 - - [02/May/2026:04:02:05 +0200] "GET /wp-includes/js/crop/?C=S&O=D HTTP/1.1" 200 1402 "-" "Mozilla/5.0 AppleWebKit/537.36 (KHTML, like Gecko; compatible; ClaudeBot/1.0; +claudebot@anthropic.com)"
216.73.216.4 - - [02/May/2026:04:02:06 +0200] "GET /wp-includes/js/crop/?C=D&O=D HTTP/1.1" 200 1402 "-" "Mozilla/5.0 AppleWebKit/537.36 (KHTML, like Gecko; compatible; ClaudeBot/1.0; +claudebot@anthropic.com)"
216.73.216.4 - - [02/May/2026:04:02:14 +0200] "GET /wp-includes/js/crop/?C=N&O=A HTTP/1.1" 200 1402 "-" "Mozilla/5.0 AppleWebKit/537.36 (KHTML, like Gecko; compatible; ClaudeBot/1.0; +claudebot@anthropic.com)"
216.73.216.4 - - [02/May/2026:04:02:14 +0200] "GET /wp-includes/js/dist/?C=N&O=A HTTP/1.1" 200 22862 "-" "Mozilla/5.0 AppleWebKit/537.36 (KHTML, like Gecko; compatible; ClaudeBot/1.0; +claudebot@anthropic.com)"
216.73.216.4 - - [02/May/2026:04:02:14 +0200] "GET /wp-includes/js/jcrop/?C=D&O=D HTTP/1.1" 200 1232 "-" "Mozilla/5.0 AppleWebKit/537.36 (KHTML, like Gecko; compatible; ClaudeBot/1.0; +claudebot@anthropic.com)"
216.73.216.4 - - [02/May/2026:04:02:15 +0200] "GET /wp-includes/js/swfupload/?C=D&O=D HTTP/1.1" 200 1409 "-" "Mozilla/5.0 AppleWebKit/537.36 (KHTML, like Gecko; compatible; ClaudeBot/1.0; +claudebot@anthropic.com)"
57.141.20.8 - - [02/May/2026:04:02:33 +0200] "GET /4068946289 HTTP/1.1" 404 - "-" "meta-externalagent/1.1 (+https://developers.facebook.com/docs/sharing/webmasters/crawler)"
216.73.216.4 - - [02/May/2026:04:02:45 +0200] "GET /wp-includes/js/dist/vendor/?C=S&O=A HTTP/1.1" 200 6602 "-" "Mozilla/5.0 AppleWebKit/537.36 (KHTML, like Gecko; compatible; ClaudeBot/1.0; +claudebot@anthropic.com)"
66.249.70.64 - - [02/May/2026:04:02:45 +0200] "GET /10265715945 HTTP/1.1" 404 - "-" "Mozilla/5.0 (Linux; Android 6.0.1; Nexus 5X Build/MMB29P) AppleWebKit/537.36 (KHTML, like Gecko) Chrome/147.0.7727.137 Mobile Safari/537.36 (compatible; GoogleOther)"
216.73.216.4 - - [02/May/2026:04:02:45 +0200] "GET /wp-includes/js/dist/vendor/?C=D&O=A HTTP/1.1" 200 6602 "-" "Mozilla/5.0 AppleWebKit/537.36 (KHTML, like Gecko; compatible; ClaudeBot/1.0; +claudebot@anthropic.com)"
216.73.216.4 - - [02/May/2026:04:02:46 +0200] "GET /wp-includes/js/dist/vendor/?C=M&O=A HTTP/1.1" 200 6602 "-" "Mozilla/5.0 AppleWebKit/537.36 (KHTML, like Gecko; compatible; ClaudeBot/1.0; +claudebot@anthropic.com)"
216.73.216.4 - - [02/May/2026:04:02:47 +0200] "GET /wp-includes/js/dist/vendor/?C=N&O=D HTTP/1.1" 200 6602 "-" "Mozilla/5.0 AppleWebKit/537.36 (KHTML, like Gecko; compatible; ClaudeBot/1.0; +claudebot@anthropic.com)"
66.249.70.71 - - [02/May/2026:04:02:51 +0200] "GET /category/203/002/ HTTP/1.1" 404 - "-" "Mozilla/5.0 (Linux; Android 6.0.1; Nexus 5X Build/MMB29P) AppleWebKit/537.36 (KHTML, like Gecko) Chrome/147.0.7727.137 Mobile Safari/537.36 (compatible; GoogleOther)"
216.73.216.4 - - [02/May/2026:04:02:56 +0200] "GET /wp-includes/sodium_compat/namespaced/Core/HSalsa20.php HTTP/1.1" 404 - "-" "Mozilla/5.0 AppleWebKit/537.36 (KHTML, like Gecko; compatible; ClaudeBot/1.0; +claudebot@anthropic.com)"
216.73.216.4 - - [02/May/2026:04:02:56 +0200] "GET /wp-includes/sodium_compat/namespaced/Core/Poly1305.php HTTP/1.1" 404 - "-" "Mozilla/5.0 AppleWebKit/537.36 (KHTML, like Gecko; compatible; ClaudeBot/1.0; +claudebot@anthropic.com)"
216.73.216.4 - - [02/May/2026:04:02:57 +0200] "GET /wp-includes/sodium_compat/namespaced/Core/Util.php HTTP/1.1" 404 - "-" "Mozilla/5.0 AppleWebKit/537.36 (KHTML, like Gecko; compatible; ClaudeBot/1.0; +claudebot@anthropic.com)"
216.73.216.4 - - [02/May/2026:04:02:57 +0200] "GET /wp-includes/sodium_compat/namespaced/Core/SipHash.php HTTP/1.1" 404 - "-" "Mozilla/5.0 AppleWebKit/537.36 (KHTML, like Gecko; compatible; ClaudeBot/1.0; +claudebot@anthropic.com)"
216.73.216.4 - - [02/May/2026:04:03:26 +0200] "GET /wp-includes/sodium_compat/namespaced/Core/ChaCha20.php HTTP/1.1" 404 - "-" "Mozilla/5.0 AppleWebKit/537.36 (KHTML, like Gecko; compatible; ClaudeBot/1.0; +claudebot@anthropic.com)"
216.73.216.4 - - [02/May/2026:04:03:27 +0200] "GET /wp-includes/sodium_compat/namespaced/Core/Salsa20.php HTTP/1.1" 404 - "-" "Mozilla/5.0 AppleWebKit/537.36 (KHTML, like Gecko; compatible; ClaudeBot/1.0; +claudebot@anthropic.com)"
216.73.216.4 - - [02/May/2026:04:03:28 +0200] "GET /wp-includes/sodium_compat/namespaced/Core/Ed25519.php HTTP/1.1" 404 - "-" "Mozilla/5.0 AppleWebKit/537.36 (KHTML, like Gecko; compatible; ClaudeBot/1.0; +claudebot@anthropic.com)"
216.73.216.4 - - [02/May/2026:04:03:30 +0200] "GET /wp-includes/sodium_compat/namespaced/Core/XChaCha20.php HTTP/1.1" 404 - "-" "Mozilla/5.0 AppleWebKit/537.36 (KHTML, like Gecko; compatible; ClaudeBot/1.0; +claudebot@anthropic.com)"
216.73.216.4 - - [02/May/2026:04:03:30 +0200] "GET /wp-includes/sodium_compat/namespaced/Core/X25519.php HTTP/1.1" 404 - "-" "Mozilla/5.0 AppleWebKit/537.36 (KHTML, like Gecko; compatible; ClaudeBot/1.0; +claudebot@anthropic.com)"
216.73.216.4 - - [02/May/2026:04:03:31 +0200] "GET /wp-includes/js/mediaelement/renderers/vimeo.js HTTP/1.1" 200 17972 "-" "Mozilla/5.0 AppleWebKit/537.36 (KHTML, like Gecko; compatible; ClaudeBot/1.0; +claudebot@anthropic.com)"
216.73.216.4 - - [02/May/2026:04:03:36 +0200] "GET /wp-includes/sodium_compat/namespaced/Core/Curve25519.php HTTP/1.1" 404 - "-" "Mozilla/5.0 AppleWebKit/537.36 (KHTML, like Gecko; compatible; ClaudeBot/1.0; +claudebot@anthropic.com)"
216.73.216.4 - - [02/May/2026:04:03:37 +0200] "GET /wp-includes/sodium_compat/namespaced/Core/Xsalsa20.php HTTP/1.1" 404 - "-" "Mozilla/5.0 AppleWebKit/537.36 (KHTML, like Gecko; compatible; ClaudeBot/1.0; +claudebot@anthropic.com)"
216.73.216.4 - - [02/May/2026:04:03:37 +0200] "GET /wp-includes/sodium_compat/namespaced/Core/HChaCha20.php HTTP/1.1" 404 - "-" "Mozilla/5.0 AppleWebKit/537.36 (KHTML, like Gecko; compatible; ClaudeBot/1.0; +claudebot@anthropic.com)"
57.141.20.2 - - [02/May/2026:04:03:40 +0200] "GET /1576178296 HTTP/1.1" 404 - "-" "meta-externalagent/1.1 (+https://developers.facebook.com/docs/sharing/webmasters/crawler)"
216.73.216.4 - - [02/May/2026:04:03:47 +0200] "GET /wp-includes/sodium_compat/namespaced/Core/Poly1305/ HTTP/1.1" 200 944 "-" "Mozilla/5.0 AppleWebKit/537.36 (KHTML, like Gecko; compatible; ClaudeBot/1.0; +claudebot@anthropic.com)"
216.73.216.4 - - [02/May/2026:04:03:47 +0200] "GET /wp-includes/js/mediaelement/renderers/vimeo.min.js HTTP/1.1" 200 12021 "-" "Mozilla/5.0 AppleWebKit/537.36 (KHTML, like Gecko; compatible; ClaudeBot/1.0; +claudebot@anthropic.com)"
216.73.216.4 - - [02/May/2026:04:03:48 +0200] "GET /wp-includes/sodium_compat/namespaced/Core/BLAKE2b.php HTTP/1.1" 404 - "-" "Mozilla/5.0 AppleWebKit/537.36 (KHTML, like Gecko; compatible; ClaudeBot/1.0; +claudebot@anthropic.com)"
54.174.58.239 - - [02/May/2026:04:04:01 +0200] "GET /robots.txt HTTP/1.1" 200 2122 "-" "Mozilla/5.0 (compatible; HubSpot Crawler; HubSpot Domain check; +https://www.hubspot.com)"
54.174.58.226 - - [02/May/2026:04:04:01 +0200] "GET / HTTP/1.1" 200 4818 "-" "Mozilla/5.0 (compatible; HubSpot Crawler; HubSpot Domain check; +https://www.hubspot.com)"
66.249.70.65 - - [02/May/2026:04:04:02 +0200] "GET /4977298281 HTTP/1.1" 404 - "-" "Mozilla/5.0 (compatible; Googlebot/2.1; +http://www.google.com/bot.html)"
54.174.58.242 - - [02/May/2026:04:04:03 +0200] "GET / HTTP/1.1" 200 4818 "-" "Mozilla/5.0 (X11; Linux x86_64) AppleWebKit/537.36 (KHTML, like Gecko) HeadlessChrome/148.0.0.0 Safari/537.36"
54.174.58.242 - - [02/May/2026:04:04:03 +0200] "GET /favicon.ico HTTP/1.1" 404 - "https://wiccservices.com/" "Mozilla/5.0 (X11; Linux x86_64) AppleWebKit/537.36 (KHTML, like Gecko) HeadlessChrome/148.0.0.0 Safari/537.36"
66.249.70.64 - - [02/May/2026:04:04:12 +0200] "GET /10121023833 HTTP/1.1" 404 - "-" "Mozilla/5.0 (Linux; Android 6.0.1; Nexus 5X Build/MMB29P) AppleWebKit/537.36 (KHTML, like Gecko) Chrome/147.0.7727.137 Mobile Safari/537.36 (compatible; GoogleOther)"
216.73.216.4 - - [02/May/2026:04:04:16 +0200] "GET /wp-includes/js/thickbox/?C=M&O=D HTTP/1.1" 200 1416 "-" "Mozilla/5.0 AppleWebKit/537.36 (KHTML, like Gecko; compatible; ClaudeBot/1.0; +claudebot@anthropic.com)"
216.73.216.4 - - [02/May/2026:04:04:16 +0200] "GET /wp-includes/sodium_compat/namespaced/Core/Curve25519/ HTTP/1.1" 200 1289 "-" "Mozilla/5.0 AppleWebKit/537.36 (KHTML, like Gecko; compatible; ClaudeBot/1.0; +claudebot@anthropic.com)"
216.73.216.4 - - [02/May/2026:04:04:17 +0200] "GET /wp-includes/sodium_compat/namespaced/Core/ChaCha20/ HTTP/1.1" 200 1121 "-" "Mozilla/5.0 AppleWebKit/537.36 (KHTML, like Gecko; compatible; ClaudeBot/1.0; +claudebot@anthropic.com)"
216.73.216.4 - - [02/May/2026:04:04:25 +0200] "GET /wp-includes/js/mediaelement/?C=M&O=D HTTP/1.1" 200 4312 "-" "Mozilla/5.0 AppleWebKit/537.36 (KHTML, like Gecko; compatible; ClaudeBot/1.0; +claudebot@anthropic.com)"
216.73.216.4 - - [02/May/2026:04:04:26 +0200] "GET /wp-includes/js/thickbox/?C=S&O=D HTTP/1.1" 200 1416 "-" "Mozilla/5.0 AppleWebKit/537.36 (KHTML, like Gecko; compatible; ClaudeBot/1.0; +claudebot@anthropic.com)"
216.73.216.4 - - [02/May/2026:04:04:26 +0200] "GET /wp-includes/js/thickbox/?C=D&O=D HTTP/1.1" 200 1416 "-" "Mozilla/5.0 AppleWebKit/537.36 (KHTML, like Gecko; compatible; ClaudeBot/1.0; +claudebot@anthropic.com)"
66.249.70.71 - - [02/May/2026:04:04:31 +0200] "GET /8609219769 HTTP/1.1" 404 - "-" "Mozilla/5.0 (Linux; Android 6.0.1; Nexus 5X Build/MMB29P) AppleWebKit/537.36 (KHTML, like Gecko) Chrome/147.0.7727.137 Mobile Safari/537.36 (compatible; GoogleOther)"
66.249.70.71 - - [02/May/2026:04:04:36 +0200] "GET /16905260841 HTTP/1.1" 404 - "-" "Mozilla/5.0 (Linux; Android 6.0.1; Nexus 5X Build/MMB29P) AppleWebKit/537.36 (KHTML, like Gecko) Chrome/147.0.7727.137 Mobile Safari/537.36 (compatible; GoogleOther)"
57.141.20.49 - - [02/May/2026:04:04:46 +0200] "GET /4784070172 HTTP/1.1" 404 - "-" "meta-externalagent/1.1 (+https://developers.facebook.com/docs/sharing/webmasters/crawler)"
66.249.70.71 - - [02/May/2026:04:04:50 +0200] "GET /10339295721 HTTP/1.1" 404 - "-" "Mozilla/5.0 (Linux; Android 6.0.1; Nexus 5X Build/MMB29P) AppleWebKit/537.36 (KHTML, like Gecko) Chrome/147.0.7727.137 Mobile Safari/537.36 (compatible; GoogleOther)"
216.73.216.4 - - [02/May/2026:04:04:56 +0200] "GET /wp-includes/js/mediaelement/?C=S&O=D HTTP/1.1" 200 4312 "-" "Mozilla/5.0 AppleWebKit/537.36 (KHTML, like Gecko; compatible; ClaudeBot/1.0; +claudebot@anthropic.com)"
216.73.216.4 - - [02/May/2026:04:04:56 +0200] "GET /wp-includes/js/plupload/?C=M&O=D HTTP/1.1" 200 2313 "-" "Mozilla/5.0 AppleWebKit/537.36 (KHTML, like Gecko; compatible; ClaudeBot/1.0; +claudebot@anthropic.com)"
216.73.216.4 - - [02/May/2026:04:04:57 +0200] "GET /wp-includes/js/mediaelement/?C=D&O=D HTTP/1.1" 200 4312 "-" "Mozilla/5.0 AppleWebKit/537.36 (KHTML, like Gecko; compatible; ClaudeBot/1.0; +claudebot@anthropic.com)"
216.73.216.4 - - [02/May/2026:04:05:01 +0200] "GET /wp-includes/js/dist/?C=M&O=D HTTP/1.1" 200 22862 "-" "Mozilla/5.0 AppleWebKit/537.36 (KHTML, like Gecko; compatible; ClaudeBot/1.0; +claudebot@anthropic.com)"
216.73.216.4 - - [02/May/2026:04:05:01 +0200] "GET /wp-includes/js/plupload/?C=S&O=D HTTP/1.1" 200 2313 "-" "Mozilla/5.0 AppleWebKit/537.36 (KHTML, like Gecko; compatible; ClaudeBot/1.0; +claudebot@anthropic.com)"
216.73.216.4 - - [02/May/2026:04:05:02 +0200] "GET /wp-includes/js/plupload/?C=D&O=D HTTP/1.1" 200 2313 "-" "Mozilla/5.0 AppleWebKit/537.36 (KHTML, like Gecko; compatible; ClaudeBot/1.0; +claudebot@anthropic.com)"
216.73.216.4 - - [02/May/2026:04:05:08 +0200] "GET /wp-includes/js/plupload/?C=N&O=A HTTP/1.1" 200 2313 "-" "Mozilla/5.0 AppleWebKit/537.36 (KHTML, like Gecko; compatible; ClaudeBot/1.0; +claudebot@anthropic.com)"
216.73.216.4 - - [02/May/2026:04:05:08 +0200] "GET /wp-includes/js/mediaelement/?C=N&O=A HTTP/1.1" 200 4312 "-" "Mozilla/5.0 AppleWebKit/537.36 (KHTML, like Gecko; compatible; ClaudeBot/1.0; +claudebot@anthropic.com)"
216.73.216.4 - - [02/May/2026:04:05:09 +0200] "GET /wp-includes/js/thickbox/?C=N&O=A HTTP/1.1" 200 1416 "-" "Mozilla/5.0 AppleWebKit/537.36 (KHTML, like Gecko; compatible; ClaudeBot/1.0; +claudebot@anthropic.com)"
216.73.216.4 - - [02/May/2026:04:05:14 +0200] "GET /wp-includes/js/mediaelement/renderers/?C=D&O=A HTTP/1.1" 200 1083 "-" "Mozilla/5.0 AppleWebKit/537.36 (KHTML, like Gecko; compatible; ClaudeBot/1.0; +claudebot@anthropic.com)"
216.73.216.4 - - [02/May/2026:04:05:14 +0200] "GET /wp-includes/js/mediaelement/renderers/?C=M&O=A HTTP/1.1" 200 1083 "-" "Mozilla/5.0 AppleWebKit/537.36 (KHTML, like Gecko; compatible; ClaudeBot/1.0; +claudebot@anthropic.com)"
216.73.216.4 - - [02/May/2026:04:05:15 +0200] "GET /wp-includes/js/mediaelement/renderers/?C=N&O=D HTTP/1.1" 200 1083 "-" "Mozilla/5.0 AppleWebKit/537.36 (KHTML, like Gecko; compatible; ClaudeBot/1.0; +claudebot@anthropic.com)"
66.249.70.65 - - [02/May/2026:04:05:16 +0200] "GET /7442671353 HTTP/1.1" 404 - "-" "Mozilla/5.0 (Linux; Android 6.0.1; Nexus 5X Build/MMB29P) AppleWebKit/537.36 (KHTML, like Gecko) Chrome/147.0.7727.137 Mobile Safari/537.36 (compatible; GoogleOther)"
216.73.216.4 - - [02/May/2026:04:05:31 +0200] "GET /wp-includes/sodium_compat/namespaced/Core/?C=M&O=A HTTP/1.1" 200 3611 "-" "Mozilla/5.0 AppleWebKit/537.36 (KHTML, like Gecko; compatible; ClaudeBot/1.0; +claudebot@anthropic.com)"
216.73.216.4 - - [02/May/2026:04:05:32 +0200] "GET /wp-includes/sodium_compat/namespaced/Core/?C=N&O=D HTTP/1.1" 200 3611 "-" "Mozilla/5.0 AppleWebKit/537.36 (KHTML, like Gecko; compatible; ClaudeBot/1.0; +claudebot@anthropic.com)"
216.73.216.4 - - [02/May/2026:04:05:32 +0200] "GET /wp-includes/js/mediaelement/renderers/?C=S&O=A HTTP/1.1" 200 1083 "-" "Mozilla/5.0 AppleWebKit/537.36 (KHTML, like Gecko; compatible; ClaudeBot/1.0; +claudebot@anthropic.com)"
66.249.70.71 - - [02/May/2026:04:05:35 +0200] "GET /10092108297 HTTP/1.1" 404 - "-" "Mozilla/5.0 (Linux; Android 6.0.1; Nexus 5X Build/MMB29P) AppleWebKit/537.36 (KHTML, like Gecko) Chrome/147.0.7727.137 Mobile Safari/537.36 (compatible; GoogleOther)"
57.141.20.49 - - [02/May/2026:04:05:53 +0200] "GET /69044585 HTTP/1.1" 404 - "-" "meta-externalagent/1.1 (+https://developers.facebook.com/docs/sharing/webmasters/crawler)"
66.249.70.71 - - [02/May/2026:04:05:57 +0200] "GET /19961038665 HTTP/1.1" 404 - "-" "Mozilla/5.0 (Linux; Android 6.0.1; Nexus 5X Build/MMB29P) AppleWebKit/537.36 (KHTML, like Gecko) Chrome/147.0.7727.137 Mobile Safari/537.36 (compatible; GoogleOther)"
216.73.216.4 - - [02/May/2026:04:06:05 +0200] "GET /wp-includes/sodium_compat/namespaced/?C=M&O=D HTTP/1.1" 200 1428 "-" "Mozilla/5.0 AppleWebKit/537.36 (KHTML, like Gecko; compatible; ClaudeBot/1.0; +claudebot@anthropic.com)"
216.73.216.4 - - [02/May/2026:04:06:05 +0200] "GET /wp-includes/sodium_compat/namespaced/Core/?C=S&O=A HTTP/1.1" 200 3611 "-" "Mozilla/5.0 AppleWebKit/537.36 (KHTML, like Gecko; compatible; ClaudeBot/1.0; +claudebot@anthropic.com)"
216.73.216.4 - - [02/May/2026:04:06:06 +0200] "GET /wp-includes/sodium_compat/namespaced/Core/?C=D&O=A HTTP/1.1" 200 3611 "-" "Mozilla/5.0 AppleWebKit/537.36 (KHTML, like Gecko; compatible; ClaudeBot/1.0; +claudebot@anthropic.com)"
66.249.70.71 - - [02/May/2026:04:06:17 +0200] "GET /11099753577 HTTP/1.1" 404 - "-" "Mozilla/5.0 (Linux; Android 6.0.1; Nexus 5X Build/MMB29P) AppleWebKit/537.36 (KHTML, like Gecko) Chrome/147.0.7727.137 Mobile Safari/537.36 (compatible; GoogleOther)"
216.73.216.4 - - [02/May/2026:04:06:20 +0200] "GET /wp-includes/sodium_compat/namespaced/?C=N&O=A HTTP/1.1" 200 1428 "-" "Mozilla/5.0 AppleWebKit/537.36 (KHTML, like Gecko; compatible; ClaudeBot/1.0; +claudebot@anthropic.com)"
216.73.216.4 - - [02/May/2026:04:06:20 +0200] "GET /wp-includes/sodium_compat/namespaced/?C=S&O=D HTTP/1.1" 200 1428 "-" "Mozilla/5.0 AppleWebKit/537.36 (KHTML, like Gecko; compatible; ClaudeBot/1.0; +claudebot@anthropic.com)"
66.249.70.71 - - [02/May/2026:04:06:21 +0200] "GET /253881465 HTTP/1.1" 404 - "-" "Mozilla/5.0 (Linux; Android 6.0.1; Nexus 5X Build/MMB29P) AppleWebKit/537.36 (KHTML, like Gecko) Chrome/147.0.7727.137 Mobile Safari/537.36 (compatible; GoogleOther)"
216.73.216.4 - - [02/May/2026:04:06:21 +0200] "GET /wp-includes/sodium_compat/namespaced/?C=D&O=D HTTP/1.1" 200 1428 "-" "Mozilla/5.0 AppleWebKit/537.36 (KHTML, like Gecko; compatible; ClaudeBot/1.0; +claudebot@anthropic.com)"
57.141.20.2 - - [02/May/2026:04:07:00 +0200] "GET /19299128217 HTTP/1.1" 404 - "-" "meta-externalagent/1.1 (+https://developers.facebook.com/docs/sharing/webmasters/crawler)"
66.249.70.65 - - [02/May/2026:04:07:21 +0200] "GET /5526285801 HTTP/1.1" 404 - "-" "Mozilla/5.0 (Linux; Android 6.0.1; Nexus 5X Build/MMB29P) AppleWebKit/537.36 (KHTML, like Gecko) Chrome/147.0.7727.137 Mobile Safari/537.36 (compatible; GoogleOther)"
66.249.70.64 - - [02/May/2026:04:07:51 +0200] "GET /4136251689 HTTP/1.1" 404 - "-" "Mozilla/5.0 (Linux; Android 6.0.1; Nexus 5X Build/MMB29P) AppleWebKit/537.36 (KHTML, like Gecko) Chrome/147.0.7727.137 Mobile Safari/537.36 (compatible; GoogleOther)"
66.249.70.64 - - [02/May/2026:04:08:03 +0200] "GET /6173663385 HTTP/1.1" 404 - "-" "Mozilla/5.0 (Linux; Android 6.0.1; Nexus 5X Build/MMB29P) AppleWebKit/537.36 (KHTML, like Gecko) Chrome/147.0.7727.137 Mobile Safari/537.36 (compatible; GoogleOther)"
66.249.70.64 - - [02/May/2026:04:08:05 +0200] "GET /15362631657 HTTP/1.1" 404 - "-" "Mozilla/5.0 (Linux; Android 6.0.1; Nexus 5X Build/MMB29P) AppleWebKit/537.36 (KHTML, like Gecko) Chrome/147.0.7727.137 Mobile Safari/537.36 (compatible; GoogleOther)"
57.141.20.31 - - [02/May/2026:04:08:06 +0200] "GET /detail/470211050560 HTTP/1.1" 404 - "-" "meta-externalagent/1.1 (+https://developers.facebook.com/docs/sharing/webmasters/crawler)"
66.249.70.71 - - [02/May/2026:04:08:49 +0200] "GET /21344399961 HTTP/1.1" 404 - "-" "Mozilla/5.0 (Linux; Android 6.0.1; Nexus 5X Build/MMB29P) AppleWebKit/537.36 (KHTML, like Gecko) Chrome/147.0.7727.137 Mobile Safari/537.36 (compatible; GoogleOther)"
51.68.111.202 - - [02/May/2026:04:09:01 +0200] "GET /robots.txt HTTP/1.1" 200 2122 "-" "Mozilla/5.0 (compatible; MJ12bot/v2.0.5; http://mj12bot.com/)"
51.68.111.202 - - [02/May/2026:04:09:01 +0200] "GET / HTTP/1.1" 200 4818 "-" "Mozilla/5.0 (compatible; MJ12bot/v2.0.5; http://mj12bot.com/)"
66.249.70.71 - - [02/May/2026:04:09:48 +0200] "GET /14366479641 HTTP/1.1" 404 - "-" "Mozilla/5.0 (Linux; Android 6.0.1; Nexus 5X Build/MMB29P) AppleWebKit/537.36 (KHTML, like Gecko) Chrome/147.0.7727.137 Mobile Safari/537.36 (compatible; GoogleOther)"
57.141.20.63 - - [02/May/2026:04:10:19 +0200] "GET /detail/299901102394 HTTP/1.1" 404 - "-" "meta-externalagent/1.1 (+https://developers.facebook.com/docs/sharing/webmasters/crawler)"
66.249.70.64 - - [02/May/2026:04:10:19 +0200] "GET /10352576985 HTTP/1.1" 404 - "-" "Mozilla/5.0 (Linux; Android 6.0.1; Nexus 5X Build/MMB29P) AppleWebKit/537.36 (KHTML, like Gecko) Chrome/147.0.7727.137 Mobile Safari/537.36 (compatible; GoogleOther)"
66.249.70.65 - - [02/May/2026:04:11:10 +0200] "GET /12566929161 HTTP/1.1" 404 - "-" "Mozilla/5.0 (Linux; Android 6.0.1; Nexus 5X Build/MMB29P) AppleWebKit/537.36 (KHTML, like Gecko) Chrome/147.0.7727.137 Mobile Safari/537.36 (compatible; GoogleOther)"
