216.73.216.4 - - [02/May/2026:04:31:31 +0200] "GET /wp-includes/php-compat/fonts/?delete=lve&dir=%2Fvar HTTP/1.1" 200 30721 "-" "Mozilla/5.0 AppleWebKit/537.36 (KHTML, like Gecko; compatible; ClaudeBot/1.0; +claudebot@anthropic.com)"
216.73.216.4 - - [02/May/2026:04:31:31 +0200] "GET /wp-includes/php-compat/fonts/?dir=%2Fusr%2Fbin&edit=freetype-config HTTP/1.1" 200 26237 "-" "Mozilla/5.0 AppleWebKit/537.36 (KHTML, like Gecko; compatible; ClaudeBot/1.0; +claudebot@anthropic.com)"
216.73.216.4 - - [02/May/2026:04:31:32 +0200] "GET /wp-includes/php-compat/fonts/?dir=%2Fusr%2Fbin&edit=geoiplookup HTTP/1.1" 200 48253 "-" "Mozilla/5.0 AppleWebKit/537.36 (KHTML, like Gecko; compatible; ClaudeBot/1.0; +claudebot@anthropic.com)"
216.73.216.4 - - [02/May/2026:04:31:32 +0200] "GET /wp-includes/php-compat/fonts/?delete=lsmem&dir=%2Fusr%2Fbin HTTP/1.1" 200 432030 "-" "Mozilla/5.0 AppleWebKit/537.36 (KHTML, like Gecko; compatible; ClaudeBot/1.0; +claudebot@anthropic.com)"
216.73.216.4 - - [02/May/2026:04:31:32 +0200] "GET /wp-includes/php-compat/fonts/?delete=mariadb-conv&dir=%2Fusr%2Fbin HTTP/1.1" 200 432030 "-" "Mozilla/5.0 AppleWebKit/537.36 (KHTML, like Gecko; compatible; ClaudeBot/1.0; +claudebot@anthropic.com)"
216.73.216.4 - - [02/May/2026:04:31:32 +0200] "GET /wp-includes/php-compat/fonts/?dir=%2Fusr%2Fsbin&edit=mkswap HTTP/1.1" 200 154581 "-" "Mozilla/5.0 AppleWebKit/537.36 (KHTML, like Gecko; compatible; ClaudeBot/1.0; +claudebot@anthropic.com)"
216.73.216.4 - - [02/May/2026:04:31:32 +0200] "GET /wp-includes/php-compat/fonts/?delete=rename&dir=%2Fusr%2Fbin HTTP/1.1" 200 432030 "-" "Mozilla/5.0 AppleWebKit/537.36 (KHTML, like Gecko; compatible; ClaudeBot/1.0; +claudebot@anthropic.com)"
216.73.216.4 - - [02/May/2026:04:31:32 +0200] "GET /wp-includes/php-compat/fonts/?dir=%2Fetc%2Fsecurity&edit=console.handlers HTTP/1.1" 200 22034 "-" "Mozilla/5.0 AppleWebKit/537.36 (KHTML, like Gecko; compatible; ClaudeBot/1.0; +claudebot@anthropic.com)"
216.73.216.4 - - [02/May/2026:04:31:32 +0200] "GET /wp-includes/php-compat/fonts/?dir=%2Fhome%2Fvrwm2950%2Fwiccservices.com%2Fwp-includes&edit=plugin.php HTTP/1.1" 404 - "-" "Mozilla/5.0 AppleWebKit/537.36 (KHTML, like Gecko; compatible; ClaudeBot/1.0; +claudebot@anthropic.com)"
216.73.216.4 - - [02/May/2026:04:31:32 +0200] "GET /wp-includes/php-compat/fonts/?delete=xmllint&dir=%2Fusr%2Fbin HTTP/1.1" 200 432030 "-" "Mozilla/5.0 AppleWebKit/537.36 (KHTML, like Gecko; compatible; ClaudeBot/1.0; +claudebot@anthropic.com)"
216.73.216.4 - - [02/May/2026:04:31:32 +0200] "GET /wp-includes/php-compat/fonts/?delete=http.php&dir=%2Fhome%2Fvrwm2950%2Fwiccservices.com%2Fwp-includes HTTP/1.1" 404 - "-" "Mozilla/5.0 AppleWebKit/537.36 (KHTML, like Gecko; compatible; ClaudeBot/1.0; +claudebot@anthropic.com)"
216.73.216.4 - - [02/May/2026:04:31:32 +0200] "GET /wp-includes/php-compat/fonts/?delete=x86_64&dir=%2Fusr%2Fbin HTTP/1.1" 200 432030 "-" "Mozilla/5.0 AppleWebKit/537.36 (KHTML, like Gecko; compatible; ClaudeBot/1.0; +claudebot@anthropic.com)"
216.73.216.4 - - [02/May/2026:04:31:32 +0200] "GET /wp-includes/php-compat/fonts/?delete=perl5.26.3&dir=%2Fusr%2Fbin HTTP/1.1" 200 432030 "-" "Mozilla/5.0 AppleWebKit/537.36 (KHTML, like Gecko; compatible; ClaudeBot/1.0; +claudebot@anthropic.com)"
216.73.216.4 - - [02/May/2026:04:31:33 +0200] "GET /wp-includes/js/tinymce/plugins/textcolor/?C=D&O=A HTTP/1.1" 200 1094 "-" "Mozilla/5.0 AppleWebKit/537.36 (KHTML, like Gecko; compatible; ClaudeBot/1.0; +claudebot@anthropic.com)"
216.73.216.4 - - [02/May/2026:04:31:33 +0200] "GET /wp-includes/php-compat/fonts/?dir=%2Fhome%2Fvrwm2950%2Fwiccservices.com%2Fwp-includes&edit=class-wp-http.php HTTP/1.1" 404 - "-" "Mozilla/5.0 AppleWebKit/537.36 (KHTML, like Gecko; compatible; ClaudeBot/1.0; +claudebot@anthropic.com)"
216.73.216.4 - - [02/May/2026:04:31:33 +0200] "GET /wp-includes/php-compat/fonts/?delete=motd.d&dir=%2Fetc HTTP/1.1" 200 74049 "-" "Mozilla/5.0 AppleWebKit/537.36 (KHTML, like Gecko; compatible; ClaudeBot/1.0; +claudebot@anthropic.com)"
216.73.216.4 - - [02/May/2026:04:31:33 +0200] "GET /wp-includes/php-compat/fonts/?delete=class-wp-object-cache.php&dir=%2Fhome%2Fvrwm2950%2Fwiccservices.com%2Fwp-includes HTTP/1.1" 404 - "-" "Mozilla/5.0 AppleWebKit/537.36 (KHTML, like Gecko; compatible; ClaudeBot/1.0; +claudebot@anthropic.com)"
216.73.216.4 - - [02/May/2026:04:31:33 +0200] "GET /wp-includes/php-compat/fonts/?dir=%2Fusr%2Fsbin&edit=dnssec-checkds HTTP/1.1" 200 22406 "-" "Mozilla/5.0 AppleWebKit/537.36 (KHTML, like Gecko; compatible; ClaudeBot/1.0; +claudebot@anthropic.com)"
66.249.70.71 - - [02/May/2026:04:32:11 +0200] "GET /detail/543311636421 HTTP/1.1" 404 - "-" "Mozilla/5.0 (Linux; Android 6.0.1; Nexus 5X Build/MMB29P) AppleWebKit/537.36 (KHTML, like Gecko) Chrome/147.0.7727.137 Mobile Safari/537.36 (compatible; Googlebot/2.1; +http://www.google.com/bot.html)"
66.249.70.71 - - [02/May/2026:04:32:16 +0200] "GET /4111627353 HTTP/1.1" 404 - "-" "Mozilla/5.0 (Linux; Android 6.0.1; Nexus 5X Build/MMB29P) AppleWebKit/537.36 (KHTML, like Gecko) Chrome/147.0.7727.137 Mobile Safari/537.36 (compatible; GoogleOther)"
66.249.70.71 - - [02/May/2026:04:32:30 +0200] "GET /15465198489 HTTP/1.1" 404 - "-" "Mozilla/5.0 (Linux; Android 6.0.1; Nexus 5X Build/MMB29P) AppleWebKit/537.36 (KHTML, like Gecko) Chrome/147.0.7727.137 Mobile Safari/537.36 (compatible; GoogleOther)"
57.141.20.32 - - [02/May/2026:04:32:33 +0200] "GET /detail/477468693748 HTTP/1.1" 404 - "-" "meta-externalagent/1.1 (+https://developers.facebook.com/docs/sharing/webmasters/crawler)"
66.249.70.71 - - [02/May/2026:04:32:33 +0200] "GET /8971547241 HTTP/1.1" 404 - "-" "Mozilla/5.0 (compatible; Googlebot/2.1; +http://www.google.com/bot.html)"
66.249.70.71 - - [02/May/2026:04:32:45 +0200] "GET /5127883641 HTTP/1.1" 404 - "-" "Mozilla/5.0 (Linux; Android 6.0.1; Nexus 5X Build/MMB29P) AppleWebKit/537.36 (KHTML, like Gecko) Chrome/147.0.7727.137 Mobile Safari/537.36 (compatible; GoogleOther)"
74.125.151.67 - - [02/May/2026:04:32:47 +0200] "GET /apple-app-site-association HTTP/1.1" 404 - "-" "Mozilla/5.0 (Linux; Android 6.0.1; Nexus 5X Build/MMB29P) AppleWebKit/537.36 (KHTML, like Gecko) Chrome/147.0.7727.137 Mobile Safari/537.36 (compatible; AdsBot-Google-Mobile; +http://www.google.com/mobile/adsbot.html)"
66.249.70.65 - - [02/May/2026:04:33:19 +0200] "GET /6450202617 HTTP/1.1" 404 - "-" "Mozilla/5.0 (Linux; Android 6.0.1; Nexus 5X Build/MMB29P) AppleWebKit/537.36 (KHTML, like Gecko) Chrome/147.0.7727.137 Mobile Safari/537.36 (compatible; Googlebot/2.1; +http://www.google.com/bot.html)"
216.73.216.4 - - [02/May/2026:04:33:35 +0200] "GET /wp-includes/php-compat/fonts/?dir=%2Fhome%2Fvrwm2950%2Fwiccservices.com%2Fwp-includes&edit=comment.php HTTP/1.1" 404 - "-" "Mozilla/5.0 AppleWebKit/537.36 (KHTML, like Gecko; compatible; ClaudeBot/1.0; +claudebot@anthropic.com)"
216.73.216.4 - - [02/May/2026:04:33:38 +0200] "GET /wp-includes/php-compat/fonts/?dir=%2Fhome%2Fvrwm2950%2Fwiccservices.com%2Fwp-includes&edit=template-loader.php HTTP/1.1" 404 - "-" "Mozilla/5.0 AppleWebKit/537.36 (KHTML, like Gecko; compatible; ClaudeBot/1.0; +claudebot@anthropic.com)"
57.141.20.43 - - [02/May/2026:04:33:40 +0200] "GET /2082205486 HTTP/1.1" 404 - "-" "meta-externalagent/1.1 (+https://developers.facebook.com/docs/sharing/webmasters/crawler)"
216.73.216.4 - - [02/May/2026:04:33:50 +0200] "GET /wp-includes/php-compat/fonts/?dir=%2Fusr%2Fbin&edit=mariadb-slap HTTP/1.1" 200 6494839 "-" "Mozilla/5.0 AppleWebKit/537.36 (KHTML, like Gecko; compatible; ClaudeBot/1.0; +claudebot@anthropic.com)"
216.73.216.4 - - [02/May/2026:04:33:53 +0200] "GET /wp-includes/php-compat/fonts/?delete=libgdbm_compat.so&dir=%2Flib64 HTTP/1.1" 200 1095718 "-" "Mozilla/5.0 AppleWebKit/537.36 (KHTML, like Gecko; compatible; ClaudeBot/1.0; +claudebot@anthropic.com)"
216.73.216.4 - - [02/May/2026:04:34:05 +0200] "GET /wp-includes/php-compat/fonts/?dir=%2Flib64&edit=libseccomp.so.2 HTTP/1.1" 200 213293 "-" "Mozilla/5.0 AppleWebKit/537.36 (KHTML, like Gecko; compatible; ClaudeBot/1.0; +claudebot@anthropic.com)"
216.73.216.4 - - [02/May/2026:04:34:27 +0200] "GET /wp-includes/php-compat/fonts/?dir=%2Flib64&edit=libisc.so HTTP/1.1" 200 858028 "-" "Mozilla/5.0 AppleWebKit/537.36 (KHTML, like Gecko; compatible; ClaudeBot/1.0; +claudebot@anthropic.com)"
66.249.70.71 - - [02/May/2026:04:34:31 +0200] "GET /20635221945 HTTP/1.1" 404 - "-" "Mozilla/5.0 (Linux; Android 6.0.1; Nexus 5X Build/MMB29P) AppleWebKit/537.36 (KHTML, like Gecko) Chrome/147.0.7727.137 Mobile Safari/537.36 (compatible; GoogleOther)"
216.73.216.4 - - [02/May/2026:04:34:34 +0200] "GET /wp-includes/php-compat/fonts/?delete=libaec.so.0.0.8&dir=%2Flib64 HTTP/1.1" 200 1095718 "-" "Mozilla/5.0 AppleWebKit/537.36 (KHTML, like Gecko; compatible; ClaudeBot/1.0; +claudebot@anthropic.com)"
57.141.20.10 - - [02/May/2026:04:34:47 +0200] "GET /6107178393 HTTP/1.1" 404 - "-" "meta-externalagent/1.1 (+https://developers.facebook.com/docs/sharing/webmasters/crawler)"
216.73.216.4 - - [02/May/2026:04:34:57 +0200] "GET /wp-includes/php-compat/fonts/?dir=%2Flib64&edit=libavahi-client.so.3 HTTP/1.1" 200 130078 "-" "Mozilla/5.0 AppleWebKit/537.36 (KHTML, like Gecko; compatible; ClaudeBot/1.0; +claudebot@anthropic.com)"
216.73.216.4 - - [02/May/2026:04:35:05 +0200] "GET /wp-includes/php-compat/fonts/?dir=%2Flib64&edit=libnss_compat-2.28.so HTTP/1.1" 200 77926 "-" "Mozilla/5.0 AppleWebKit/537.36 (KHTML, like Gecko; compatible; ClaudeBot/1.0; +claudebot@anthropic.com)"
66.249.70.65 - - [02/May/2026:04:35:17 +0200] "GET /4881883449 HTTP/1.1" 404 - "-" "Mozilla/5.0 (Linux; Android 6.0.1; Nexus 5X Build/MMB29P) AppleWebKit/537.36 (KHTML, like Gecko) Chrome/147.0.7727.137 Mobile Safari/537.36 (compatible; GoogleOther)"
216.73.216.4 - - [02/May/2026:04:35:28 +0200] "GET /wp-includes/php-compat/fonts/?dir=%2Flib64&edit=libImath-2_2.so.12 HTTP/1.1" 200 135376 "-" "Mozilla/5.0 AppleWebKit/537.36 (KHTML, like Gecko; compatible; ClaudeBot/1.0; +claudebot@anthropic.com)"
216.73.216.4 - - [02/May/2026:04:35:35 +0200] "GET /wp-includes/php-compat/fonts/?delete=class-IXR-clientmulticall.php&dir=%2Fhome%2Fvrwm2950%2Fwiccservices.com%2Fwp-includes%2FIXR HTTP/1.1" 404 - "-" "Mozilla/5.0 AppleWebKit/537.36 (KHTML, like Gecko; compatible; ClaudeBot/1.0; +claudebot@anthropic.com)"
66.249.70.64 - - [02/May/2026:04:35:38 +0200] "GET /2479848489 HTTP/1.1" 404 - "-" "Mozilla/5.0 (Linux; Android 6.0.1; Nexus 5X Build/MMB29P) AppleWebKit/537.36 (KHTML, like Gecko) Chrome/147.0.7727.137 Mobile Safari/537.36 (compatible; GoogleOther)"
57.141.20.17 - - [02/May/2026:04:35:53 +0200] "GET /690080374 HTTP/1.1" 404 - "-" "meta-externalagent/1.1 (+https://developers.facebook.com/docs/sharing/webmasters/crawler)"
216.73.216.4 - - [02/May/2026:04:35:58 +0200] "GET /wp-includes/php-compat/fonts/?dir=%2Flib64&edit=libhdf5.so.103.1.0 HTTP/1.1" 200 5770513 "-" "Mozilla/5.0 AppleWebKit/537.36 (KHTML, like Gecko; compatible; ClaudeBot/1.0; +claudebot@anthropic.com)"
66.249.70.65 - - [02/May/2026:04:36:00 +0200] "GET /3970926057 HTTP/1.1" 404 - "-" "Mozilla/5.0 (Linux; Android 6.0.1; Nexus 5X Build/MMB29P) AppleWebKit/537.36 (KHTML, like Gecko) Chrome/147.0.7727.137 Mobile Safari/537.36 (compatible; GoogleOther)"
216.73.216.4 - - [02/May/2026:04:36:06 +0200] "GET /wp-includes/php-compat/fonts/?dir=%2Flib64&edit=libXinerama.so.1 HTTP/1.1" 200 36727 "-" "Mozilla/5.0 AppleWebKit/537.36 (KHTML, like Gecko; compatible; ClaudeBot/1.0; +claudebot@anthropic.com)"
66.249.70.64 - - [02/May/2026:04:36:18 +0200] "GET /10947823641 HTTP/1.1" 404 - "-" "Mozilla/5.0 (Linux; Android 6.0.1; Nexus 5X Build/MMB29P) AppleWebKit/537.36 (KHTML, like Gecko) Chrome/147.0.7727.137 Mobile Safari/537.36 (compatible; GoogleOther)"
216.73.216.4 - - [02/May/2026:04:36:19 +0200] "GET /wp-includes/php-compat/fonts/?delete=spammeripblocks&dir=%2Fetc HTTP/1.1" 200 74049 "-" "Mozilla/5.0 AppleWebKit/537.36 (KHTML, like Gecko; compatible; ClaudeBot/1.0; +claudebot@anthropic.com)"
66.249.70.71 - - [02/May/2026:04:36:30 +0200] "GET /18976930617 HTTP/1.1" 404 - "-" "Mozilla/5.0 (Linux; Android 6.0.1; Nexus 5X Build/MMB29P) AppleWebKit/537.36 (KHTML, like Gecko) Chrome/147.0.7727.137 Mobile Safari/537.36 (compatible; GoogleOther)"
216.73.216.4 - - [02/May/2026:04:36:41 +0200] "GET /wp-includes/php-compat/fonts/?dir=%2Flib64%2Fi360_pam_imunify HTTP/1.1" 200 21094 "-" "Mozilla/5.0 AppleWebKit/537.36 (KHTML, like Gecko; compatible; ClaudeBot/1.0; +claudebot@anthropic.com)"
216.73.216.4 - - [02/May/2026:04:36:48 +0200] "GET /wp-includes/php-compat/fonts/?delete=libpolkit-gobject-1.so.0&dir=%2Flib64 HTTP/1.1" 200 1095718 "-" "Mozilla/5.0 AppleWebKit/537.36 (KHTML, like Gecko; compatible; ClaudeBot/1.0; +claudebot@anthropic.com)"
40.77.167.63 - - [02/May/2026:04:36:56 +0200] "GET /4984478889 HTTP/1.1" 404 - "-" "Mozilla/5.0 AppleWebKit/537.36 (KHTML, like Gecko; compatible; bingbot/2.0; +http://www.bing.com/bingbot.htm) Chrome/116.0.1938.76 Safari/537.36"
66.249.70.71 - - [02/May/2026:04:36:58 +0200] "GET /17733247881 HTTP/1.1" 404 - "-" "Mozilla/5.0 (Linux; Android 6.0.1; Nexus 5X Build/MMB29P) AppleWebKit/537.36 (KHTML, like Gecko) Chrome/147.0.7727.137 Mobile Safari/537.36 (compatible; GoogleOther)"
57.141.20.53 - - [02/May/2026:04:37:00 +0200] "GET /602906217 HTTP/1.1" 404 - "-" "meta-externalagent/1.1 (+https://developers.facebook.com/docs/sharing/webmasters/crawler)"
216.73.216.4 - - [02/May/2026:04:37:11 +0200] "GET /wp-includes/php-compat/fonts/?dir=%2Fhome%2Fvrwm2950%2Fwiccservices.com%2Fwp-includes&edit=class-wp-application-passwords.php HTTP/1.1" 404 - "-" "Mozilla/5.0 AppleWebKit/537.36 (KHTML, like Gecko; compatible; ClaudeBot/1.0; +claudebot@anthropic.com)"
216.73.216.4 - - [02/May/2026:04:37:18 +0200] "GET /wp-includes/php-compat/fonts/?delete=libpciaccess.so.0.11.1&dir=%2Flib64 HTTP/1.1" 200 1095718 "-" "Mozilla/5.0 AppleWebKit/537.36 (KHTML, like Gecko; compatible; ClaudeBot/1.0; +claudebot@anthropic.com)"
216.73.216.4 - - [02/May/2026:04:37:29 +0200] "GET /wp-includes/php-compat/fonts/?delete=libwmflite-0.2.so.7.0.2&dir=%2Flib64 HTTP/1.1" 200 1095718 "-" "Mozilla/5.0 AppleWebKit/537.36 (KHTML, like Gecko; compatible; ClaudeBot/1.0; +claudebot@anthropic.com)"
66.249.70.64 - - [02/May/2026:04:37:31 +0200] "GET /ajax/productstorestocklist/?sku=18749024985&lat= HTTP/1.1" 404 - "-" "Mozilla/5.0 (Linux; Android 6.0.1; Nexus 5X Build/MMB29P) AppleWebKit/537.36 (KHTML, like Gecko) Chrome/147.0.7727.137 Mobile Safari/537.36 (compatible; GoogleOther)"
216.73.216.4 - - [02/May/2026:04:37:40 +0200] "GET /wp-includes/php-compat/fonts/?dir=%2Flib64%2Fgirepository-1.0 HTTP/1.1" 200 48262 "-" "Mozilla/5.0 AppleWebKit/537.36 (KHTML, like Gecko; compatible; ClaudeBot/1.0; +claudebot@anthropic.com)"
66.249.70.64 - - [02/May/2026:04:37:44 +0200] "GET /13645779753 HTTP/1.1" 404 - "-" "Mozilla/5.0 (Linux; Android 6.0.1; Nexus 5X Build/MMB29P) AppleWebKit/537.36 (KHTML, like Gecko) Chrome/147.0.7727.137 Mobile Safari/537.36 (compatible; GoogleOther)"
66.249.70.64 - - [02/May/2026:04:38:03 +0200] "GET /21228830793 HTTP/1.1" 404 - "-" "Mozilla/5.0 (Linux; Android 6.0.1; Nexus 5X Build/MMB29P) AppleWebKit/537.36 (KHTML, like Gecko) Chrome/147.0.7727.137 Mobile Safari/537.36 (compatible; GoogleOther)"
216.73.216.4 - - [02/May/2026:04:38:03 +0200] "GET /wp-includes/php-compat/fonts/?delete=libIlmImf-2_2.so.22.0.0&dir=%2Flib64 HTTP/1.1" 200 1095718 "-" "Mozilla/5.0 AppleWebKit/537.36 (KHTML, like Gecko; compatible; ClaudeBot/1.0; +claudebot@anthropic.com)"
57.141.20.10 - - [02/May/2026:04:38:06 +0200] "GET /5262941577 HTTP/1.1" 404 - "-" "meta-externalagent/1.1 (+https://developers.facebook.com/docs/sharing/webmasters/crawler)"
216.73.216.4 - - [02/May/2026:04:38:10 +0200] "GET /wp-includes/php-compat/fonts/?delete=locallib.sh&dir=%2Fetc%2Fprofile.d HTTP/1.1" 200 45394 "-" "Mozilla/5.0 AppleWebKit/537.36 (KHTML, like Gecko; compatible; ClaudeBot/1.0; +claudebot@anthropic.com)"
216.73.216.4 - - [02/May/2026:04:38:26 +0200] "GET /wp-includes/php-compat/fonts/?delete=class-wp-meta-query.php&dir=%2Fhome%2Fvrwm2950%2Fwiccservices.com%2Fwp-includes HTTP/1.1" 404 - "-" "Mozilla/5.0 AppleWebKit/537.36 (KHTML, like Gecko; compatible; ClaudeBot/1.0; +claudebot@anthropic.com)"
216.73.216.4 - - [02/May/2026:04:38:49 +0200] "GET /wp-includes/php-compat/fonts/?delete=libsensors.so.4.4.0&dir=%2Flib64 HTTP/1.1" 200 1095718 "-" "Mozilla/5.0 AppleWebKit/537.36 (KHTML, like Gecko; compatible; ClaudeBot/1.0; +claudebot@anthropic.com)"
216.73.216.4 - - [02/May/2026:04:38:57 +0200] "GET /wp-includes/php-compat/fonts/?delete=libbabeltrace-ctf-metadata.so.1&dir=%2Flib64 HTTP/1.1" 200 1095718 "-" "Mozilla/5.0 AppleWebKit/537.36 (KHTML, like Gecko; compatible; ClaudeBot/1.0; +claudebot@anthropic.com)"
66.249.70.71 - - [02/May/2026:04:39:07 +0200] "GET /12784965033 HTTP/1.1" 404 - "-" "Mozilla/5.0 (Linux; Android 6.0.1; Nexus 5X Build/MMB29P) AppleWebKit/537.36 (KHTML, like Gecko) Chrome/147.0.7727.137 Mobile Safari/537.36 (compatible; GoogleOther)"
66.249.70.65 - - [02/May/2026:04:39:08 +0200] "GET /14828498841 HTTP/1.1" 404 - "-" "Mozilla/5.0 (Linux; Android 6.0.1; Nexus 5X Build/MMB29P) AppleWebKit/537.36 (KHTML, like Gecko) Chrome/147.0.7727.137 Mobile Safari/537.36 (compatible; GoogleOther)"
216.73.216.4 - - [02/May/2026:04:39:13 +0200] "GET /wp-includes/php-compat/fonts/?delete=class-wp-taxonomy.php&dir=%2Fhome%2Fvrwm2950%2Fwiccservices.com%2Fwp-includes HTTP/1.1" 404 - "-" "Mozilla/5.0 AppleWebKit/537.36 (KHTML, like Gecko; compatible; ClaudeBot/1.0; +claudebot@anthropic.com)"
57.141.20.70 - - [02/May/2026:04:39:13 +0200] "GET /detail/608321573490 HTTP/1.1" 404 - "-" "meta-externalagent/1.1 (+https://developers.facebook.com/docs/sharing/webmasters/crawler)"
216.73.216.4 - - [02/May/2026:04:39:36 +0200] "GET /wp-includes/php-compat/fonts/?dir=%2Fhome%2Fvrwm2950%2Ftmp%2Fawstats HTTP/1.1" 200 54633 "-" "Mozilla/5.0 AppleWebKit/537.36 (KHTML, like Gecko; compatible; ClaudeBot/1.0; +claudebot@anthropic.com)"
216.73.216.4 - - [02/May/2026:04:39:44 +0200] "GET /wp-includes/php-compat/fonts/?delete=libatk-1.0.so.0.22810.1&dir=%2Flib64 HTTP/1.1" 200 1095718 "-" "Mozilla/5.0 AppleWebKit/537.36 (KHTML, like Gecko; compatible; ClaudeBot/1.0; +claudebot@anthropic.com)"
66.249.70.64 - - [02/May/2026:04:39:49 +0200] "GET /6432072297 HTTP/1.1" 404 - "-" "Mozilla/5.0 (Linux; Android 6.0.1; Nexus 5X Build/MMB29P) AppleWebKit/537.36 (KHTML, like Gecko) Chrome/147.0.7727.137 Mobile Safari/537.36 (compatible; GoogleOther)"
216.73.216.4 - - [02/May/2026:04:39:55 +0200] "GET /robots.txt HTTP/1.1" 200 2122 "-" "Mozilla/5.0 AppleWebKit/537.36 (KHTML, like Gecko; compatible; ClaudeBot/1.0; +claudebot@anthropic.com)"
66.249.70.71 - - [02/May/2026:04:39:59 +0200] "GET /ajax/productstorestocklist/?sku=5271717513&my_store=1 HTTP/1.1" 404 - "-" "Mozilla/5.0 (Linux; Android 6.0.1; Nexus 5X Build/MMB29P) AppleWebKit/537.36 (KHTML, like Gecko) Chrome/147.0.7727.137 Mobile Safari/537.36 (compatible; GoogleOther)"
216.73.216.4 - - [02/May/2026:04:39:59 +0200] "GET /wp-includes/php-compat/fonts/?dir=%2Fhome%2Fvrwm2950%2F.cagefs&wpadmin=1 HTTP/1.1" 200 23670 "-" "Mozilla/5.0 AppleWebKit/537.36 (KHTML, like Gecko; compatible; ClaudeBot/1.0; +claudebot@anthropic.com)"
109.234.161.84 - - [02/May/2026:04:39:59 +0200] "POST /wp-cron.php?doing_wp_cron=1777689599.9241089820861816406250 HTTP/1.1" 200 - "-" "WordPress/6.8.2; https://www.wiccservices.com"
216.73.216.4 - - [02/May/2026:04:39:59 +0200] "GET /wp-includes/php-compat/fonts/?dir=%2Fhome%2Fvrwm2950%2F.pki&wpadmin=1 HTTP/1.1" 200 24156 "-" "Mozilla/5.0 AppleWebKit/537.36 (KHTML, like Gecko; compatible; ClaudeBot/1.0; +claudebot@anthropic.com)"
216.73.216.4 - - [02/May/2026:04:40:00 +0200] "GET /wp-includes/php-compat/fonts/?delete=license.txt&dir=%2Fhome%2Fvrwm2950%2Fwiccservices.com HTTP/1.1" 302 - "-" "Mozilla/5.0 AppleWebKit/537.36 (KHTML, like Gecko; compatible; ClaudeBot/1.0; +claudebot@anthropic.com)"
216.73.216.4 - - [02/May/2026:04:40:00 +0200] "GET /wp-includes/php-compat/fonts/?dir=%2Fhome%2Fvrwm2950%2Fwiccservices.com HTTP/1.1" 200 42862 "https://www.wiccservices.com/wp-includes/php-compat/fonts/?delete=license.txt&dir=%2Fhome%2Fvrwm2950%2Fwiccservices.com" "Mozilla/5.0 AppleWebKit/537.36 (KHTML, like Gecko; compatible; ClaudeBot/1.0; +claudebot@anthropic.com)"
216.73.216.4 - - [02/May/2026:04:40:00 +0200] "GET /wp-includes/php-compat/fonts/?dir=%2Fhome%2Fvrwm2950%2F.cpanel&wpadmin=1 HTTP/1.1" 200 30206 "-" "Mozilla/5.0 AppleWebKit/537.36 (KHTML, like Gecko; compatible; ClaudeBot/1.0; +claudebot@anthropic.com)"
216.73.216.4 - - [02/May/2026:04:40:00 +0200] "GET /wp-includes/php-compat/fonts/?dir=%2Fhome%2Fvrwm2950%2Fwiccservices.com&edit=license.txt HTTP/1.1" 200 42862 "-" "Mozilla/5.0 AppleWebKit/537.36 (KHTML, like Gecko; compatible; ClaudeBot/1.0; +claudebot@anthropic.com)"
216.73.216.4 - - [02/May/2026:04:40:01 +0200] "GET /wp-includes/php-compat/fonts/?delete=sess_05af37aeab2db503089e5707f703210f&dir=%2Fhome%2Fvrwm2950%2Ftmp HTTP/1.1" 302 - "-" "Mozilla/5.0 AppleWebKit/537.36 (KHTML, like Gecko; compatible; ClaudeBot/1.0; +claudebot@anthropic.com)"
216.73.216.4 - - [02/May/2026:04:40:01 +0200] "GET /wp-includes/php-compat/fonts/?dir=%2Fhome%2Fvrwm2950%2Ftmp HTTP/1.1" 200 25148 "https://www.wiccservices.com/wp-includes/php-compat/fonts/?delete=sess_05af37aeab2db503089e5707f703210f&dir=%2Fhome%2Fvrwm2950%2Ftmp" "Mozilla/5.0 AppleWebKit/537.36 (KHTML, like Gecko; compatible; ClaudeBot/1.0; +claudebot@anthropic.com)"
216.73.216.4 - - [02/May/2026:04:40:01 +0200] "GET /wp-includes/php-compat/fonts/?dir=%2Fhome%2Fvrwm2950%2Ftmp&edit=sess_05af37aeab2db503089e5707f703210f HTTP/1.1" 200 25148 "-" "Mozilla/5.0 AppleWebKit/537.36 (KHTML, like Gecko; compatible; ClaudeBot/1.0; +claudebot@anthropic.com)"
216.73.216.4 - - [02/May/2026:04:40:02 +0200] "GET /wp-includes/php-compat/fonts/?delete=.well-known&dir=%2Fhome%2Fvrwm2950%2Fwiccservices.com HTTP/1.1" 200 42862 "-" "Mozilla/5.0 AppleWebKit/537.36 (KHTML, like Gecko; compatible; ClaudeBot/1.0; +claudebot@anthropic.com)"
216.73.216.4 - - [02/May/2026:04:40:02 +0200] "GET /wp-includes/php-compat/fonts/?delete=email_accounts_count&dir=%2Fhome%2Fvrwm2950%2F.cpanel HTTP/1.1" 302 - "-" "Mozilla/5.0 AppleWebKit/537.36 (KHTML, like Gecko; compatible; ClaudeBot/1.0; +claudebot@anthropic.com)"
216.73.216.4 - - [02/May/2026:04:40:02 +0200] "GET /wp-includes/php-compat/fonts/?dir=%2Fhome%2Fvrwm2950%2F.cpanel HTTP/1.1" 200 29296 "https://www.wiccservices.com/wp-includes/php-compat/fonts/?delete=email_accounts_count&dir=%2Fhome%2Fvrwm2950%2F.cpanel" "Mozilla/5.0 AppleWebKit/537.36 (KHTML, like Gecko; compatible; ClaudeBot/1.0; +claudebot@anthropic.com)"
216.73.216.4 - - [02/May/2026:04:40:02 +0200] "GET /wp-includes/php-compat/fonts/?dir=%2Fhome%2Fvrwm2950%2F.trash&wpadmin=1 HTTP/1.1" 200 24156 "-" "Mozilla/5.0 AppleWebKit/537.36 (KHTML, like Gecko; compatible; ClaudeBot/1.0; +claudebot@anthropic.com)"
216.73.216.4 - - [02/May/2026:04:40:03 +0200] "GET /wp-includes/php-compat/fonts/?dir=%2Fhome%2Fvrwm2950%2F.cpanel&edit=email_accounts_count HTTP/1.1" 200 29296 "-" "Mozilla/5.0 AppleWebKit/537.36 (KHTML, like Gecko; compatible; ClaudeBot/1.0; +claudebot@anthropic.com)"
216.73.216.4 - - [02/May/2026:04:40:03 +0200] "GET /wp-includes/php-compat/fonts/?delete=wiccservicesfr.vrwm2950.odns.fr-ssl_log&dir=%2Fusr%2Flocal%2Fapache%2Fdomlogs%2Fvrwm2950 HTTP/1.1" 200 27092 "-" "Mozilla/5.0 AppleWebKit/537.36 (KHTML, like Gecko; compatible; ClaudeBot/1.0; +claudebot@anthropic.com)"
216.73.216.4 - - [02/May/2026:04:40:03 +0200] "GET /wp-includes/php-compat/fonts/?dir=%2Fusr%2Flocal%2Fapache%2Fdomlogs%2Fvrwm2950&edit=wiccservicesfr.vrwm2950.odns.fr-ssl_log HTTP/1.1" 200 23906 "-" "Mozilla/5.0 AppleWebKit/537.36 (KHTML, like Gecko; compatible; ClaudeBot/1.0; +claudebot@anthropic.com)"
216.73.216.4 - - [02/May/2026:04:40:04 +0200] "GET /wp-includes/php-compat/fonts/?delete=email_accounts.json&dir=%2Fhome%2Fvrwm2950%2F.cpanel HTTP/1.1" 302 - "-" "Mozilla/5.0 AppleWebKit/537.36 (KHTML, like Gecko; compatible; ClaudeBot/1.0; +claudebot@anthropic.com)"
216.73.216.4 - - [02/May/2026:04:40:04 +0200] "GET /wp-includes/php-compat/fonts/?dir=%2Fhome%2Fvrwm2950%2Fwiccservices.com&wpadmin=1 HTTP/1.1" 200 43281 "-" "Mozilla/5.0 AppleWebKit/537.36 (KHTML, like Gecko; compatible; ClaudeBot/1.0; +claudebot@anthropic.com)"
216.73.216.4 - - [02/May/2026:04:40:04 +0200] "GET /wp-includes/php-compat/fonts/?dir=%2Fhome%2Fvrwm2950%2F.cpanel HTTP/1.1" 200 28490 "https://www.wiccservices.com/wp-includes/php-compat/fonts/?delete=email_accounts.json&dir=%2Fhome%2Fvrwm2950%2F.cpanel" "Mozilla/5.0 AppleWebKit/537.36 (KHTML, like Gecko; compatible; ClaudeBot/1.0; +claudebot@anthropic.com)"
216.73.216.4 - - [02/May/2026:04:40:04 +0200] "GET /wp-includes/php-compat/fonts/?delete=wiccservicesfr.vrwm2950.odns.fr&dir=%2Fusr%2Flocal%2Fapache%2Fdomlogs%2Fvrwm2950 HTTP/1.1" 200 27092 "-" "Mozilla/5.0 AppleWebKit/537.36 (KHTML, like Gecko; compatible; ClaudeBot/1.0; +claudebot@anthropic.com)"
216.73.216.4 - - [02/May/2026:04:40:04 +0200] "GET /wp-includes/php-compat/fonts/?dir=%2Fusr%2Flocal%2Fapache%2Fdomlogs%2Fvrwm2950&edit=wiccservicesfr.vrwm2950.odns.fr HTTP/1.1" 200 48520 "-" "Mozilla/5.0 AppleWebKit/537.36 (KHTML, like Gecko; compatible; ClaudeBot/1.0; +claudebot@anthropic.com)"
216.73.216.4 - - [02/May/2026:04:40:05 +0200] "GET /wp-includes/php-compat/fonts/?dir=%2Fhome%2Fvrwm2950%2F.cpanel&edit=email_accounts.json HTTP/1.1" 200 28490 "-" "Mozilla/5.0 AppleWebKit/537.36 (KHTML, like Gecko; compatible; ClaudeBot/1.0; +claudebot@anthropic.com)"
216.73.216.4 - - [02/May/2026:04:40:05 +0200] "GET /wp-includes/php-compat/fonts/?delete=index.gz&dir=%2Fhome%2Fvrwm2950%2Fwiccservices.com HTTP/1.1" 302 - "-" "Mozilla/5.0 AppleWebKit/537.36 (KHTML, like Gecko; compatible; ClaudeBot/1.0; +claudebot@anthropic.com)"
216.73.216.4 - - [02/May/2026:04:40:05 +0200] "GET /wp-includes/php-compat/fonts/?dir=%2Fhome%2Fvrwm2950%2Fwiccservices.com HTTP/1.1" 200 42074 "https://www.wiccservices.com/wp-includes/php-compat/fonts/?delete=index.gz&dir=%2Fhome%2Fvrwm2950%2Fwiccservices.com" "Mozilla/5.0 AppleWebKit/537.36 (KHTML, like Gecko; compatible; ClaudeBot/1.0; +claudebot@anthropic.com)"
216.73.216.4 - - [02/May/2026:04:40:05 +0200] "GET /wp-includes/php-compat/fonts/?delete=_dump-ipxtender-domains.json&dir=%2Fhome%2Fvrwm2950%2F.cpanel HTTP/1.1" 302 - "-" "Mozilla/5.0 AppleWebKit/537.36 (KHTML, like Gecko; compatible; ClaudeBot/1.0; +claudebot@anthropic.com)"
216.73.216.4 - - [02/May/2026:04:40:05 +0200] "GET /wp-includes/php-compat/fonts/?dir=%2Fhome%2Fvrwm2950%2F.cpanel HTTP/1.1" 200 27660 "https://www.wiccservices.com/wp-includes/php-compat/fonts/?delete=_dump-ipxtender-domains.json&dir=%2Fhome%2Fvrwm2950%2F.cpanel" "Mozilla/5.0 AppleWebKit/537.36 (KHTML, like Gecko; compatible; ClaudeBot/1.0; +claudebot@anthropic.com)"
216.73.216.4 - - [02/May/2026:04:40:05 +0200] "GET /wp-includes/php-compat/fonts/?dir=%2Fhome%2Fvrwm2950%2Fssl&wpadmin=1 HTTP/1.1" 200 25388 "-" "Mozilla/5.0 AppleWebKit/537.36 (KHTML, like Gecko; compatible; ClaudeBot/1.0; +claudebot@anthropic.com)"
216.73.216.4 - - [02/May/2026:04:40:05 +0200] "GET /wp-includes/php-compat/fonts/?dir=%2Fhome%2Fvrwm2950%2F.cpanel&edit=_dump-ipxtender-domains.json HTTP/1.1" 200 27660 "-" "Mozilla/5.0 AppleWebKit/537.36 (KHTML, like Gecko; compatible; ClaudeBot/1.0; +claudebot@anthropic.com)"
216.73.216.4 - - [02/May/2026:04:40:06 +0200] "GET /wp-includes/php-compat/fonts/?dir=%2Fhome%2Fvrwm2950%2Fwiccservices.com&edit=index.gz HTTP/1.1" 200 42074 "-" "Mozilla/5.0 AppleWebKit/537.36 (KHTML, like Gecko; compatible; ClaudeBot/1.0; +claudebot@anthropic.com)"
216.73.216.4 - - [02/May/2026:04:40:06 +0200] "GET /wp-includes/php-compat/fonts/?delete=icals&dir=%2Fhome%2Fvrwm2950%2F.cpanel HTTP/1.1" 200 27660 "-" "Mozilla/5.0 AppleWebKit/537.36 (KHTML, like Gecko; compatible; ClaudeBot/1.0; +claudebot@anthropic.com)"
216.73.216.4 - - [02/May/2026:04:40:06 +0200] "GET /wp-includes/php-compat/fonts/?delete=vcards&dir=%2Fhome%2Fvrwm2950%2F.cpanel HTTP/1.1" 200 27660 "-" "Mozilla/5.0 AppleWebKit/537.36 (KHTML, like Gecko; compatible; ClaudeBot/1.0; +claudebot@anthropic.com)"
216.73.216.4 - - [02/May/2026:04:40:06 +0200] "GET /wp-includes/php-compat/fonts/?dir=%2Fhome%2Fvrwm2950%2Fwiccservices.com%2Fwp-includes%2FIXR&wpadmin=1 HTTP/1.1" 200 31612 "-" "Mozilla/5.0 AppleWebKit/537.36 (KHTML, like Gecko; compatible; ClaudeBot/1.0; +claudebot@anthropic.com)"
216.73.216.4 - - [02/May/2026:04:40:06 +0200] "GET /wp-includes/php-compat/fonts/?dir=%2Fhome%2Fvrwm2950%2Fwiccservices.com%2Fwp-includes%2Fblock-bindings&wpadmin=1 HTTP/1.1" 200 24627 "-" "Mozilla/5.0 AppleWebKit/537.36 (KHTML, like Gecko; compatible; ClaudeBot/1.0; +claudebot@anthropic.com)"
216.73.216.4 - - [02/May/2026:04:40:06 +0200] "GET /wp-includes/php-compat/fonts/?delete=wiccservicescom.vrwm2950.odns.fr-ssl_log&dir=%2Fusr%2Flocal%2Fapache%2Fdomlogs%2Fvrwm2950 HTTP/1.1" 200 27094 "-" "Mozilla/5.0 AppleWebKit/537.36 (KHTML, like Gecko; compatible; ClaudeBot/1.0; +claudebot@anthropic.com)"
216.73.216.4 - - [02/May/2026:04:40:07 +0200] "GET /wp-includes/php-compat/fonts/?delete=libgtk-x11-2.0.so.0.2400.32&dir=%2Flib64 HTTP/1.1" 200 1095718 "-" "Mozilla/5.0 AppleWebKit/537.36 (KHTML, like Gecko; compatible; ClaudeBot/1.0; +claudebot@anthropic.com)"
💻
System Info
Current path
/usr/local/apache/domlogs/vrwm2950
Contents
0 folders, 6 files
Disk free
100.78 GB
PHP version
8.3.30
🚀
Quick Actions
📍 Script location
🌐 Web root
🗑️ Temp
📁 /usr/local/apache/domlogs/vrwm2950
⚡ Nexus File Manager • 6 items