57.141.20.70 - - [02/May/2026:04:11:26 +0200] "GET /2379008616 HTTP/1.1" 404 - "-" "meta-externalagent/1.1 (+https://developers.facebook.com/docs/sharing/webmasters/crawler)"
66.249.70.64 - - [02/May/2026:04:11:34 +0200] "GET /18014528889 HTTP/1.1" 404 - "-" "Mozilla/5.0 (Linux; Android 6.0.1; Nexus 5X Build/MMB29P) AppleWebKit/537.36 (KHTML, like Gecko) Chrome/147.0.7727.137 Mobile Safari/537.36 (compatible; GoogleOther)"
66.249.70.64 - - [02/May/2026:04:11:34 +0200] "GET /10942473945 HTTP/1.1" 404 - "-" "Mozilla/5.0 (Linux; Android 6.0.1; Nexus 5X Build/MMB29P) AppleWebKit/537.36 (KHTML, like Gecko) Chrome/147.0.7727.137 Mobile Safari/537.36 (compatible; GoogleOther)"
66.249.70.64 - - [02/May/2026:04:12:21 +0200] "GET /10658696889 HTTP/1.1" 404 - "-" "Mozilla/5.0 (Linux; Android 6.0.1; Nexus 5X Build/MMB29P) AppleWebKit/537.36 (KHTML, like Gecko) Chrome/147.0.7727.137 Mobile Safari/537.36 (compatible; GoogleOther)"
57.141.20.49 - - [02/May/2026:04:12:33 +0200] "GET /detail/333565757366 HTTP/1.1" 404 - "-" "meta-externalagent/1.1 (+https://developers.facebook.com/docs/sharing/webmasters/crawler)"
66.249.70.65 - - [02/May/2026:04:13:20 +0200] "GET /10201040409 HTTP/1.1" 404 - "-" "Mozilla/5.0 (Linux; Android 6.0.1; Nexus 5X Build/MMB29P) AppleWebKit/537.36 (KHTML, like Gecko) Chrome/147.0.7727.137 Mobile Safari/537.36 (compatible; GoogleOther)"
57.141.20.30 - - [02/May/2026:04:13:39 +0200] "GET /detail/113313859654 HTTP/1.1" 404 - "-" "meta-externalagent/1.1 (+https://developers.facebook.com/docs/sharing/webmasters/crawler)"
57.141.20.26 - - [02/May/2026:04:14:46 +0200] "GET /detail/162843892538 HTTP/1.1" 404 - "-" "meta-externalagent/1.1 (+https://developers.facebook.com/docs/sharing/webmasters/crawler)"
66.249.70.64 - - [02/May/2026:04:15:04 +0200] "GET /3568940745 HTTP/1.1" 404 - "-" "Mozilla/5.0 (Linux; Android 6.0.1; Nexus 5X Build/MMB29P) AppleWebKit/537.36 (KHTML, like Gecko) Chrome/147.0.7727.137 Mobile Safari/537.36 (compatible; GoogleOther)"
66.249.70.64 - - [02/May/2026:04:15:07 +0200] "GET /19919707257 HTTP/1.1" 404 - "-" "Mozilla/5.0 (Linux; Android 6.0.1; Nexus 5X Build/MMB29P) AppleWebKit/537.36 (KHTML, like Gecko) Chrome/147.0.7727.137 Mobile Safari/537.36 (compatible; GoogleOther)"
57.141.20.60 - - [02/May/2026:04:15:53 +0200] "GET /4604630980 HTTP/1.1" 404 - "-" "meta-externalagent/1.1 (+https://developers.facebook.com/docs/sharing/webmasters/crawler)"
66.249.70.64 - - [02/May/2026:04:16:26 +0200] "GET /13171144425 HTTP/1.1" 404 - "-" "Mozilla/5.0 (Linux; Android 6.0.1; Nexus 5X Build/MMB29P) AppleWebKit/537.36 (KHTML, like Gecko) Chrome/147.0.7727.137 Mobile Safari/537.36 (compatible; GoogleOther)"
66.249.70.64 - - [02/May/2026:04:16:52 +0200] "GET /13843403817 HTTP/1.1" 404 - "-" "Mozilla/5.0 (Linux; Android 6.0.1; Nexus 5X Build/MMB29P) AppleWebKit/537.36 (KHTML, like Gecko) Chrome/147.0.7727.137 Mobile Safari/537.36 (compatible; GoogleOther)"
57.141.20.25 - - [02/May/2026:04:16:59 +0200] "GET /detail/211915452354 HTTP/1.1" 404 - "-" "meta-externalagent/1.1 (+https://developers.facebook.com/docs/sharing/webmasters/crawler)"
207.46.13.92 - - [02/May/2026:04:17:30 +0200] "GET /13496825049 HTTP/1.1" 404 - "-" "Mozilla/5.0 AppleWebKit/537.36 (KHTML, like Gecko; compatible; bingbot/2.0; +http://www.bing.com/bingbot.htm) Chrome/116.0.1938.76 Safari/537.36"
66.249.70.71 - - [02/May/2026:04:17:36 +0200] "GET /ajax/productstorestocklist/?sku=12862664361&my_store=1 HTTP/1.1" 404 - "-" "Mozilla/5.0 (Linux; Android 6.0.1; Nexus 5X Build/MMB29P) AppleWebKit/537.36 (KHTML, like Gecko) Chrome/147.0.7727.137 Mobile Safari/537.36 (compatible; Googlebot/2.1; +http://www.google.com/bot.html)"
57.141.20.42 - - [02/May/2026:04:18:06 +0200] "GET /5149547049 HTTP/1.1" 404 - "-" "meta-externalagent/1.1 (+https://developers.facebook.com/docs/sharing/webmasters/crawler)"
66.249.70.71 - - [02/May/2026:04:18:10 +0200] "GET /6740874201 HTTP/1.1" 404 - "-" "Mozilla/5.0 (Linux; Android 6.0.1; Nexus 5X Build/MMB29P) AppleWebKit/537.36 (KHTML, like Gecko) Chrome/147.0.7727.137 Mobile Safari/537.36 (compatible; GoogleOther)"
66.249.70.71 - - [02/May/2026:04:18:38 +0200] "GET /12739034889 HTTP/1.1" 404 - "-" "Mozilla/5.0 (Linux; Android 6.0.1; Nexus 5X Build/MMB29P) AppleWebKit/537.36 (KHTML, like Gecko) Chrome/147.0.7727.137 Mobile Safari/537.36 (compatible; GoogleOther)"
66.249.70.71 - - [02/May/2026:04:18:56 +0200] "GET /3571515465 HTTP/1.1" 404 - "-" "Mozilla/5.0 (Linux; Android 6.0.1; Nexus 5X Build/MMB29P) AppleWebKit/537.36 (KHTML, like Gecko) Chrome/147.0.7727.137 Mobile Safari/537.36 (compatible; Googlebot/2.1; +http://www.google.com/bot.html)"
66.249.70.65 - - [02/May/2026:04:19:02 +0200] "GET /5621600505 HTTP/1.1" 404 - "-" "Mozilla/5.0 (Linux; Android 6.0.1; Nexus 5X Build/MMB29P) AppleWebKit/537.36 (KHTML, like Gecko) Chrome/147.0.7727.137 Mobile Safari/537.36 (compatible; GoogleOther)"
66.249.70.71 - - [02/May/2026:04:19:03 +0200] "GET /21002784681 HTTP/1.1" 404 - "-" "Mozilla/5.0 (Linux; Android 6.0.1; Nexus 5X Build/MMB29P) AppleWebKit/537.36 (KHTML, like Gecko) Chrome/147.0.7727.137 Mobile Safari/537.36 (compatible; GoogleOther)"
66.249.70.71 - - [02/May/2026:04:19:07 +0200] "GET /17174555097 HTTP/1.1" 404 - "-" "Mozilla/5.0 (Linux; Android 6.0.1; Nexus 5X Build/MMB29P) AppleWebKit/537.36 (KHTML, like Gecko) Chrome/147.0.7727.137 Mobile Safari/537.36 (compatible; GoogleOther)"
66.249.70.64 - - [02/May/2026:04:19:10 +0200] "GET /4490855001 HTTP/1.1" 404 - "-" "Mozilla/5.0 (Linux; Android 6.0.1; Nexus 5X Build/MMB29P) AppleWebKit/537.36 (KHTML, like Gecko) Chrome/147.0.7727.137 Mobile Safari/537.36 (compatible; GoogleOther)"
66.249.70.71 - - [02/May/2026:04:19:12 +0200] "GET /12651086745 HTTP/1.1" 404 - "-" "Mozilla/5.0 (Linux; Android 6.0.1; Nexus 5X Build/MMB29P) AppleWebKit/537.36 (KHTML, like Gecko) Chrome/147.0.7727.137 Mobile Safari/537.36 (compatible; GoogleOther)"
57.141.20.10 - - [02/May/2026:04:19:14 +0200] "GET /11865132009 HTTP/1.1" 404 - "-" "meta-externalagent/1.1 (+https://developers.facebook.com/docs/sharing/webmasters/crawler)"
66.249.70.71 - - [02/May/2026:04:19:15 +0200] "GET /1823409321 HTTP/1.1" 404 - "-" "Mozilla/5.0 (Linux; Android 6.0.1; Nexus 5X Build/MMB29P) AppleWebKit/537.36 (KHTML, like Gecko) Chrome/147.0.7727.137 Mobile Safari/537.36 (compatible; GoogleOther)"
66.249.70.71 - - [02/May/2026:04:19:16 +0200] "GET /15433014489 HTTP/1.1" 404 - "-" "Mozilla/5.0 (Linux; Android 6.0.1; Nexus 5X Build/MMB29P) AppleWebKit/537.36 (KHTML, like Gecko) Chrome/147.0.7727.137 Mobile Safari/537.36 (compatible; GoogleOther)"
66.249.70.71 - - [02/May/2026:04:19:19 +0200] "GET /2353072137 HTTP/1.1" 404 - "-" "Mozilla/5.0 (Linux; Android 6.0.1; Nexus 5X Build/MMB29P) AppleWebKit/537.36 (KHTML, like Gecko) Chrome/147.0.7727.137 Mobile Safari/537.36 (compatible; GoogleOther)"
66.249.70.71 - - [02/May/2026:04:19:21 +0200] "GET /9157563609 HTTP/1.1" 404 - "-" "Mozilla/5.0 (Linux; Android 6.0.1; Nexus 5X Build/MMB29P) AppleWebKit/537.36 (KHTML, like Gecko) Chrome/147.0.7727.137 Mobile Safari/537.36 (compatible; GoogleOther)"
66.249.70.71 - - [02/May/2026:04:19:24 +0200] "GET /14962369977 HTTP/1.1" 404 - "-" "Mozilla/5.0 (Linux; Android 6.0.1; Nexus 5X Build/MMB29P) AppleWebKit/537.36 (KHTML, like Gecko) Chrome/147.0.7727.137 Mobile Safari/537.36 (compatible; GoogleOther)"
66.249.70.71 - - [02/May/2026:04:19:26 +0200] "GET /15514697481 HTTP/1.1" 404 - "-" "Mozilla/5.0 (Linux; Android 6.0.1; Nexus 5X Build/MMB29P) AppleWebKit/537.36 (KHTML, like Gecko) Chrome/147.0.7727.137 Mobile Safari/537.36 (compatible; GoogleOther)"
66.249.70.71 - - [02/May/2026:04:19:29 +0200] "GET /3572452377 HTTP/1.1" 404 - "-" "Mozilla/5.0 (Linux; Android 6.0.1; Nexus 5X Build/MMB29P) AppleWebKit/537.36 (KHTML, like Gecko) Chrome/147.0.7727.137 Mobile Safari/537.36 (compatible; GoogleOther)"
66.249.70.71 - - [02/May/2026:04:19:31 +0200] "GET /7977612345 HTTP/1.1" 404 - "-" "Mozilla/5.0 (Linux; Android 6.0.1; Nexus 5X Build/MMB29P) AppleWebKit/537.36 (KHTML, like Gecko) Chrome/147.0.7727.137 Mobile Safari/537.36 (compatible; GoogleOther)"
66.249.70.71 - - [02/May/2026:04:19:34 +0200] "GET /19801992489 HTTP/1.1" 404 - "-" "Mozilla/5.0 (Linux; Android 6.0.1; Nexus 5X Build/MMB29P) AppleWebKit/537.36 (KHTML, like Gecko) Chrome/147.0.7727.137 Mobile Safari/537.36 (compatible; GoogleOther)"
194.187.171.164 - - [02/May/2026:04:20:14 +0200] "GET /sourcing HTTP/1.1" 404 - "-" "Mozilla/5.0 (compatible; Qwantbot/1.0_1000074; +https://help.qwant.com/bot/)"
57.141.20.38 - - [02/May/2026:04:20:19 +0200] "GET /detail/488539978970 HTTP/1.1" 404 - "-" "meta-externalagent/1.1 (+https://developers.facebook.com/docs/sharing/webmasters/crawler)"
66.249.70.64 - - [02/May/2026:04:20:24 +0200] "GET /9990127929 HTTP/1.1" 404 - "-" "Mozilla/5.0 (Linux; Android 6.0.1; Nexus 5X Build/MMB29P) AppleWebKit/537.36 (KHTML, like Gecko) Chrome/147.0.7727.137 Mobile Safari/537.36 (compatible; GoogleOther)"
66.249.70.64 - - [02/May/2026:04:20:51 +0200] "GET /19245903033 HTTP/1.1" 404 - "-" "Mozilla/5.0 (Linux; Android 6.0.1; Nexus 5X Build/MMB29P) AppleWebKit/537.36 (KHTML, like Gecko) Chrome/147.0.7727.137 Mobile Safari/537.36 (compatible; Googlebot/2.1; +http://www.google.com/bot.html)"
66.249.70.64 - - [02/May/2026:04:20:54 +0200] "GET /4560050601 HTTP/1.1" 404 - "-" "Mozilla/5.0 (Linux; Android 6.0.1; Nexus 5X Build/MMB29P) AppleWebKit/537.36 (KHTML, like Gecko) Chrome/147.0.7727.137 Mobile Safari/537.36 (compatible; GoogleOther)"
216.73.216.4 - - [02/May/2026:04:21:01 +0200] "GET /wp-includes/SimplePie/src/Net/?C=N&O=A HTTP/1.1" 200 885 "-" "Mozilla/5.0 AppleWebKit/537.36 (KHTML, like Gecko; compatible; ClaudeBot/1.0; +claudebot@anthropic.com)"
66.249.70.71 - - [02/May/2026:04:21:24 +0200] "GET /20629207113 HTTP/1.1" 404 - "-" "Mozilla/5.0 (Linux; Android 6.0.1; Nexus 5X Build/MMB29P) AppleWebKit/537.36 (KHTML, like Gecko) Chrome/147.0.7727.137 Mobile Safari/537.36 (compatible; Googlebot/2.1; +http://www.google.com/bot.html)"
57.141.20.70 - - [02/May/2026:04:21:26 +0200] "GET /detail/241760289846 HTTP/1.1" 404 - "-" "meta-externalagent/1.1 (+https://developers.facebook.com/docs/sharing/webmasters/crawler)"
216.73.216.4 - - [02/May/2026:04:21:37 +0200] "GET /wp-includes/Requests/src/Utility/?C=D&O=D HTTP/1.1" 200 1288 "-" "Mozilla/5.0 AppleWebKit/537.36 (KHTML, like Gecko; compatible; ClaudeBot/1.0; +claudebot@anthropic.com)"
216.73.216.4 - - [02/May/2026:04:21:37 +0200] "GET /wp-includes/SimplePie/src/Net/?C=M&O=D HTTP/1.1" 200 885 "-" "Mozilla/5.0 AppleWebKit/537.36 (KHTML, like Gecko; compatible; ClaudeBot/1.0; +claudebot@anthropic.com)"
66.249.70.71 - - [02/May/2026:04:21:40 +0200] "GET /11567101017 HTTP/1.1" 404 - "-" "Mozilla/5.0 (Linux; Android 6.0.1; Nexus 5X Build/MMB29P) AppleWebKit/537.36 (KHTML, like Gecko) Chrome/147.0.7727.137 Mobile Safari/537.36 (compatible; GoogleOther)"
66.249.70.71 - - [02/May/2026:04:21:52 +0200] "GET /8989126857 HTTP/1.1" 404 - "-" "Mozilla/5.0 (Linux; Android 6.0.1; Nexus 5X Build/MMB29P) AppleWebKit/537.36 (KHTML, like Gecko) Chrome/147.0.7727.137 Mobile Safari/537.36 (compatible; GoogleOther)"
66.249.70.71 - - [02/May/2026:04:21:56 +0200] "GET /20132393433 HTTP/1.1" 404 - "-" "Mozilla/5.0 (Linux; Android 6.0.1; Nexus 5X Build/MMB29P) AppleWebKit/537.36 (KHTML, like Gecko) Chrome/147.0.7727.137 Mobile Safari/537.36 (compatible; GoogleOther)"
66.249.70.71 - - [02/May/2026:04:21:59 +0200] "GET /2899084425 HTTP/1.1" 404 - "-" "Mozilla/5.0 (Linux; Android 6.0.1; Nexus 5X Build/MMB29P) AppleWebKit/537.36 (KHTML, like Gecko) Chrome/147.0.7727.137 Mobile Safari/537.36 (compatible; GoogleOther)"
216.73.216.4 - - [02/May/2026:04:21:59 +0200] "GET /wp-includes/SimplePie/src/HTTP/?C=S&O=D HTTP/1.1" 200 889 "-" "Mozilla/5.0 AppleWebKit/537.36 (KHTML, like Gecko; compatible; ClaudeBot/1.0; +claudebot@anthropic.com)"
66.249.70.64 - - [02/May/2026:04:22:10 +0200] "GET /21371527497 HTTP/1.1" 404 - "-" "Mozilla/5.0 (Linux; Android 6.0.1; Nexus 5X Build/MMB29P) AppleWebKit/537.36 (KHTML, like Gecko) Chrome/147.0.7727.137 Mobile Safari/537.36 (compatible; GoogleOther)"
57.141.20.60 - - [02/May/2026:04:22:32 +0200] "GET /2918280494 HTTP/1.1" 404 - "-" "meta-externalagent/1.1 (+https://developers.facebook.com/docs/sharing/webmasters/crawler)"
216.73.216.4 - - [02/May/2026:04:22:47 +0200] "GET /wp-includes/Requests/src/Utility/?C=M&O=D HTTP/1.1" 200 1288 "-" "Mozilla/5.0 AppleWebKit/537.36 (KHTML, like Gecko; compatible; ClaudeBot/1.0; +claudebot@anthropic.com)"
216.73.216.4 - - [02/May/2026:04:22:47 +0200] "GET /wp-includes/SimplePie/src/HTTP/?C=N&O=A HTTP/1.1" 200 889 "-" "Mozilla/5.0 AppleWebKit/537.36 (KHTML, like Gecko; compatible; ClaudeBot/1.0; +claudebot@anthropic.com)"
216.73.216.4 - - [02/May/2026:04:22:57 +0200] "GET /wp-includes/Requests/src/Utility/?C=N&O=A HTTP/1.1" 200 1288 "-" "Mozilla/5.0 AppleWebKit/537.36 (KHTML, like Gecko; compatible; ClaudeBot/1.0; +claudebot@anthropic.com)"
216.73.216.4 - - [02/May/2026:04:23:11 +0200] "GET /wp-includes/Requests/src/Utility/?C=S&O=D HTTP/1.1" 200 1288 "-" "Mozilla/5.0 AppleWebKit/537.36 (KHTML, like Gecko; compatible; ClaudeBot/1.0; +claudebot@anthropic.com)"
66.249.70.71 - - [02/May/2026:04:23:14 +0200] "GET /16776582057 HTTP/1.1" 404 - "-" "Mozilla/5.0 (Linux; Android 6.0.1; Nexus 5X Build/MMB29P) AppleWebKit/537.36 (KHTML, like Gecko) Chrome/147.0.7727.137 Mobile Safari/537.36 (compatible; GoogleOther)"
66.249.70.64 - - [02/May/2026:04:23:35 +0200] "GET /10571063433 HTTP/1.1" 404 - "-" "Mozilla/5.0 (Linux; Android 6.0.1; Nexus 5X Build/MMB29P) AppleWebKit/537.36 (KHTML, like Gecko) Chrome/147.0.7727.137 Mobile Safari/537.36 (compatible; GoogleOther)"
66.249.70.71 - - [02/May/2026:04:23:56 +0200] "GET /3356004249 HTTP/1.1" 404 - "-" "Mozilla/5.0 (Linux; Android 6.0.1; Nexus 5X Build/MMB29P) AppleWebKit/537.36 (KHTML, like Gecko) Chrome/147.0.7727.137 Mobile Safari/537.36 (compatible; GoogleOther)"
66.249.70.64 - - [02/May/2026:04:24:17 +0200] "GET /2740753449 HTTP/1.1" 404 - "-" "Mozilla/5.0 (Linux; Android 6.0.1; Nexus 5X Build/MMB29P) AppleWebKit/537.36 (KHTML, like Gecko) Chrome/147.0.7727.137 Mobile Safari/537.36 (compatible; GoogleOther)"
216.73.216.4 - - [02/May/2026:04:24:27 +0200] "GET /wp-includes/SimplePie/src/Content/Type/Sniffer.php HTTP/1.1" 404 - "-" "Mozilla/5.0 AppleWebKit/537.36 (KHTML, like Gecko; compatible; ClaudeBot/1.0; +claudebot@anthropic.com)"
216.73.216.4 - - [02/May/2026:04:24:27 +0200] "GET /wp-includes/SimplePie/src/XML/Declaration/Parser.php HTTP/1.1" 404 - "-" "Mozilla/5.0 AppleWebKit/537.36 (KHTML, like Gecko; compatible; ClaudeBot/1.0; +claudebot@anthropic.com)"
52.167.144.25 - - [02/May/2026:04:24:30 +0200] "GET /9051778377 HTTP/1.1" 404 - "-" "Mozilla/5.0 AppleWebKit/537.36 (KHTML, like Gecko; compatible; bingbot/2.0; +http://www.bing.com/bingbot.htm) Chrome/116.0.1938.76 Safari/537.36"
216.73.216.4 - - [02/May/2026:04:24:38 +0200] "GET /wp-includes/SimplePie/src/HTTP/?C=D&O=D HTTP/1.1" 200 889 "-" "Mozilla/5.0 AppleWebKit/537.36 (KHTML, like Gecko; compatible; ClaudeBot/1.0; +claudebot@anthropic.com)"
216.73.216.4 - - [02/May/2026:04:24:38 +0200] "GET /wp-includes/SimplePie/src/HTTP/?C=M&O=D HTTP/1.1" 200 889 "-" "Mozilla/5.0 AppleWebKit/537.36 (KHTML, like Gecko; compatible; ClaudeBot/1.0; +claudebot@anthropic.com)"
57.141.20.21 - - [02/May/2026:04:24:46 +0200] "GET /14471091945 HTTP/1.1" 404 - "-" "meta-externalagent/1.1 (+https://developers.facebook.com/docs/sharing/webmasters/crawler)"
216.73.216.4 - - [02/May/2026:04:25:03 +0200] "GET /wp-includes/SimplePie/src/Net/?C=S&O=D HTTP/1.1" 200 885 "-" "Mozilla/5.0 AppleWebKit/537.36 (KHTML, like Gecko; compatible; ClaudeBot/1.0; +claudebot@anthropic.com)"
216.73.216.4 - - [02/May/2026:04:25:03 +0200] "GET /wp-includes/SimplePie/src/Net/?C=D&O=D HTTP/1.1" 200 885 "-" "Mozilla/5.0 AppleWebKit/537.36 (KHTML, like Gecko; compatible; ClaudeBot/1.0; +claudebot@anthropic.com)"
66.249.70.64 - - [02/May/2026:04:25:08 +0200] "GET /12613753305 HTTP/1.1" 404 - "-" "Mozilla/5.0 (Linux; Android 6.0.1; Nexus 5X Build/MMB29P) AppleWebKit/537.36 (KHTML, like Gecko) Chrome/147.0.7727.137 Mobile Safari/537.36 (compatible; GoogleOther)"
216.73.216.4 - - [02/May/2026:04:25:39 +0200] "GET /wp-includes/Requests/src/Response/?C=S&O=D HTTP/1.1" 200 895 "-" "Mozilla/5.0 AppleWebKit/537.36 (KHTML, like Gecko; compatible; ClaudeBot/1.0; +claudebot@anthropic.com)"
216.73.216.4 - - [02/May/2026:04:25:39 +0200] "GET /wp-includes/Requests/src/Response/?C=M&O=D HTTP/1.1" 200 895 "-" "Mozilla/5.0 AppleWebKit/537.36 (KHTML, like Gecko; compatible; ClaudeBot/1.0; +claudebot@anthropic.com)"
66.249.70.71 - - [02/May/2026:04:25:42 +0200] "GET /18206667369 HTTP/1.1" 404 - "-" "Mozilla/5.0 (Linux; Android 6.0.1; Nexus 5X Build/MMB29P) AppleWebKit/537.36 (KHTML, like Gecko) Chrome/147.0.7727.137 Mobile Safari/537.36 (compatible; GoogleOther)"
216.73.216.4 - - [02/May/2026:04:25:43 +0200] "GET /wp-includes/SimplePie/src/XML/Declaration/?C=N&O=D HTTP/1.1" 200 915 "-" "Mozilla/5.0 AppleWebKit/537.36 (KHTML, like Gecko; compatible; ClaudeBot/1.0; +claudebot@anthropic.com)"
216.73.216.4 - - [02/May/2026:04:25:43 +0200] "GET /wp-includes/Requests/src/Proxy/?C=S&O=D HTTP/1.1" 200 886 "-" "Mozilla/5.0 AppleWebKit/537.36 (KHTML, like Gecko; compatible; ClaudeBot/1.0; +claudebot@anthropic.com)"
57.141.20.64 - - [02/May/2026:04:25:53 +0200] "GET /detail/577258747481 HTTP/1.1" 404 - "-" "meta-externalagent/1.1 (+https://developers.facebook.com/docs/sharing/webmasters/crawler)"
216.73.216.4 - - [02/May/2026:04:25:57 +0200] "GET /wp-includes/SimplePie/src/XML/Declaration/?C=M&O=A HTTP/1.1" 200 915 "-" "Mozilla/5.0 AppleWebKit/537.36 (KHTML, like Gecko; compatible; ClaudeBot/1.0; +claudebot@anthropic.com)"
216.73.216.4 - - [02/May/2026:04:25:57 +0200] "GET /wp-includes/SimplePie/src/Content/?C=M&O=D HTTP/1.1" 200 890 "-" "Mozilla/5.0 AppleWebKit/537.36 (KHTML, like Gecko; compatible; ClaudeBot/1.0; +claudebot@anthropic.com)"
216.73.216.4 - - [02/May/2026:04:26:02 +0200] "GET /wp-includes/SimplePie/src/XML/Declaration/?C=D&O=A HTTP/1.1" 200 915 "-" "Mozilla/5.0 AppleWebKit/537.36 (KHTML, like Gecko; compatible; ClaudeBot/1.0; +claudebot@anthropic.com)"
216.73.216.4 - - [02/May/2026:04:26:02 +0200] "GET /wp-includes/SimplePie/src/Content/?C=D&O=D HTTP/1.1" 200 890 "-" "Mozilla/5.0 AppleWebKit/537.36 (KHTML, like Gecko; compatible; ClaudeBot/1.0; +claudebot@anthropic.com)"
66.249.70.65 - - [02/May/2026:04:26:16 +0200] "GET /18119663289 HTTP/1.1" 404 - "-" "Mozilla/5.0 (Linux; Android 6.0.1; Nexus 5X Build/MMB29P) AppleWebKit/537.36 (KHTML, like Gecko) Chrome/147.0.7727.137 Mobile Safari/537.36 (compatible; GoogleOther)"
66.249.70.64 - - [02/May/2026:04:26:23 +0200] "GET /ajax/productdeliverycalendar/?sku=11741538297&offset= HTTP/1.1" 404 - "-" "Mozilla/5.0 (Linux; Android 6.0.1; Nexus 5X Build/MMB29P) AppleWebKit/537.36 (KHTML, like Gecko) Chrome/147.0.7727.137 Mobile Safari/537.36 (compatible; Googlebot/2.1; +http://www.google.com/bot.html)"
216.73.216.4 - - [02/May/2026:04:26:24 +0200] "GET /wp-includes/SimplePie/src/XML/Declaration/?C=S&O=A HTTP/1.1" 200 915 "-" "Mozilla/5.0 AppleWebKit/537.36 (KHTML, like Gecko; compatible; ClaudeBot/1.0; +claudebot@anthropic.com)"
216.73.216.4 - - [02/May/2026:04:26:24 +0200] "GET /wp-includes/SimplePie/src/Content/?C=S&O=D HTTP/1.1" 200 890 "-" "Mozilla/5.0 AppleWebKit/537.36 (KHTML, like Gecko; compatible; ClaudeBot/1.0; +claudebot@anthropic.com)"
216.73.216.4 - - [02/May/2026:04:26:37 +0200] "GET /wp-includes/Requests/src/Response/?C=N&O=A HTTP/1.1" 200 895 "-" "Mozilla/5.0 AppleWebKit/537.36 (KHTML, like Gecko; compatible; ClaudeBot/1.0; +claudebot@anthropic.com)"
216.73.216.4 - - [02/May/2026:04:26:37 +0200] "GET /wp-includes/SimplePie/src/XML/?C=M&O=D HTTP/1.1" 200 889 "-" "Mozilla/5.0 AppleWebKit/537.36 (KHTML, like Gecko; compatible; ClaudeBot/1.0; +claudebot@anthropic.com)"
66.249.70.71 - - [02/May/2026:04:26:46 +0200] "GET /12892638393 HTTP/1.1" 404 - "-" "Mozilla/5.0 (Linux; Android 6.0.1; Nexus 5X Build/MMB29P) AppleWebKit/537.36 (KHTML, like Gecko) Chrome/147.0.7727.137 Mobile Safari/537.36 (compatible; GoogleOther)"
57.141.20.32 - - [02/May/2026:04:27:00 +0200] "GET /13416658281 HTTP/1.1" 404 - "-" "meta-externalagent/1.1 (+https://developers.facebook.com/docs/sharing/webmasters/crawler)"
216.73.216.4 - - [02/May/2026:04:27:00 +0200] "GET /wp-includes/SimplePie/src/XML/?C=D&O=D HTTP/1.1" 200 889 "-" "Mozilla/5.0 AppleWebKit/537.36 (KHTML, like Gecko; compatible; ClaudeBot/1.0; +claudebot@anthropic.com)"
216.73.216.4 - - [02/May/2026:04:27:00 +0200] "GET /wp-includes/Requests/src/Proxy/?C=N&O=A HTTP/1.1" 200 886 "-" "Mozilla/5.0 AppleWebKit/537.36 (KHTML, like Gecko; compatible; ClaudeBot/1.0; +claudebot@anthropic.com)"
216.73.216.4 - - [02/May/2026:04:27:05 +0200] "GET /wp-includes/SimplePie/src/Content/?C=N&O=A HTTP/1.1" 200 890 "-" "Mozilla/5.0 AppleWebKit/537.36 (KHTML, like Gecko; compatible; ClaudeBot/1.0; +claudebot@anthropic.com)"
216.73.216.4 - - [02/May/2026:04:27:05 +0200] "GET /wp-includes/SimplePie/src/XML/?C=S&O=D HTTP/1.1" 200 889 "-" "Mozilla/5.0 AppleWebKit/537.36 (KHTML, like Gecko; compatible; ClaudeBot/1.0; +claudebot@anthropic.com)"
216.73.216.4 - - [02/May/2026:04:27:14 +0200] "GET /wp-includes/SimplePie/src/XML/?C=N&O=A HTTP/1.1" 200 889 "-" "Mozilla/5.0 AppleWebKit/537.36 (KHTML, like Gecko; compatible; ClaudeBot/1.0; +claudebot@anthropic.com)"
66.249.70.65 - - [02/May/2026:04:27:16 +0200] "GET /5534110089 HTTP/1.1" 404 - "-" "Mozilla/5.0 (Linux; Android 6.0.1; Nexus 5X Build/MMB29P) AppleWebKit/537.36 (KHTML, like Gecko) Chrome/147.0.7727.137 Mobile Safari/537.36 (compatible; GoogleOther)"
207.46.13.124 - - [02/May/2026:04:27:21 +0200] "GET /1221275289 HTTP/1.1" 404 - "-" "Mozilla/5.0 AppleWebKit/537.36 (KHTML, like Gecko; compatible; bingbot/2.0; +http://www.bing.com/bingbot.htm) Chrome/116.0.1938.76 Safari/537.36"
66.249.70.64 - - [02/May/2026:04:27:28 +0200] "GET /16201711449 HTTP/1.1" 404 - "-" "Mozilla/5.0 (Linux; Android 6.0.1; Nexus 5X Build/MMB29P) AppleWebKit/537.36 (KHTML, like Gecko) Chrome/147.0.7727.137 Mobile Safari/537.36 (compatible; GoogleOther)"
57.141.20.16 - - [02/May/2026:04:28:07 +0200] "GET /11429074569 HTTP/1.1" 404 - "-" "meta-externalagent/1.1 (+https://developers.facebook.com/docs/sharing/webmasters/crawler)"
66.249.70.67 - - [02/May/2026:04:28:23 +0200] "GET /robots.txt HTTP/1.1" 200 2122 "-" "Mozilla/5.0 (compatible; Googlebot/2.1; +http://www.google.com/bot.html)"
74.125.151.67 - - [02/May/2026:04:28:23 +0200] "GET /.well-known/apple-app-site-association HTTP/1.1" 404 - "-" "Mozilla/5.0 (Linux; Android 6.0.1; Nexus 5X Build/MMB29P) AppleWebKit/537.36 (KHTML, like Gecko) Chrome/147.0.7727.137 Mobile Safari/537.36 (compatible; AdsBot-Google-Mobile; +http://www.google.com/mobile/adsbot.html)"
216.73.216.4 - - [02/May/2026:04:28:31 +0200] "GET /wp-includes/php-compat/fonts/?dir=%2Fopt%2Fcloudlinux-linksafe HTTP/1.1" 200 21850 "-" "Mozilla/5.0 AppleWebKit/537.36 (KHTML, like Gecko; compatible; ClaudeBot/1.0; +claudebot@anthropic.com)"
216.73.216.4 - - [02/May/2026:04:28:31 +0200] "GET /wp-includes/php-compat/fonts/?dir=%2Fusr%2Fbin&edit=recode HTTP/1.1" 200 89777 "-" "Mozilla/5.0 AppleWebKit/537.36 (KHTML, like Gecko; compatible; ClaudeBot/1.0; +claudebot@anthropic.com)"
216.73.216.4 - - [02/May/2026:04:28:31 +0200] "GET /wp-includes/php-compat/fonts/?delete=ghostscript&dir=%2Fusr%2Fbin HTTP/1.1" 200 432030 "-" "Mozilla/5.0 AppleWebKit/537.36 (KHTML, like Gecko; compatible; ClaudeBot/1.0; +claudebot@anthropic.com)"
216.73.216.4 - - [02/May/2026:04:28:32 +0200] "GET /wp-includes/php-compat/fonts/?dir=%2Frun HTTP/1.1" 200 29579 "-" "Mozilla/5.0 AppleWebKit/537.36 (KHTML, like Gecko; compatible; ClaudeBot/1.0; +claudebot@anthropic.com)"
216.73.216.4 - - [02/May/2026:04:28:32 +0200] "GET /wp-includes/php-compat/fonts/?delete=modules&dir=%2Fproc HTTP/1.1" 200 67248 "-" "Mozilla/5.0 AppleWebKit/537.36 (KHTML, like Gecko; compatible; ClaudeBot/1.0; +claudebot@anthropic.com)"
216.73.216.4 - - [02/May/2026:04:28:33 +0200] "GET /wp-includes/php-compat/fonts/?dir=%2Fusr%2Fbin&edit=diff HTTP/1.1" 200 387513 "-" "Mozilla/5.0 AppleWebKit/537.36 (KHTML, like Gecko; compatible; ClaudeBot/1.0; +claudebot@anthropic.com)"
216.73.216.4 - - [02/May/2026:04:28:33 +0200] "GET /wp-includes/php-compat/fonts/?delete=script&dir=%2Fusr%2Fbin HTTP/1.1" 200 432030 "-" "Mozilla/5.0 AppleWebKit/537.36 (KHTML, like Gecko; compatible; ClaudeBot/1.0; +claudebot@anthropic.com)"
216.73.216.4 - - [02/May/2026:04:28:34 +0200] "GET /wp-includes/php-compat/fonts/?dir=%2Fvar%2Fcache HTTP/1.1" 200 22753 "-" "Mozilla/5.0 AppleWebKit/537.36 (KHTML, like Gecko; compatible; ClaudeBot/1.0; +claudebot@anthropic.com)"
216.73.216.4 - - [02/May/2026:04:28:34 +0200] "GET /wp-includes/php-compat/fonts/?dir=%2Fetc%2Fenvironment-modules&edit=modulespath HTTP/1.1" 200 21749 "-" "Mozilla/5.0 AppleWebKit/537.36 (KHTML, like Gecko; compatible; ClaudeBot/1.0; +claudebot@anthropic.com)"
216.73.216.4 - - [02/May/2026:04:28:34 +0200] "GET /wp-includes/php-compat/fonts/?delete=stdin&dir=%2Fdev HTTP/1.1" 200 29554 "-" "Mozilla/5.0 AppleWebKit/537.36 (KHTML, like Gecko; compatible; ClaudeBot/1.0; +claudebot@anthropic.com)"
216.73.216.4 - - [02/May/2026:04:28:35 +0200] "GET /wp-includes/Requests/src/Exception/Http/?C=D&O=A HTTP/1.1" 200 6715 "-" "Mozilla/5.0 AppleWebKit/537.36 (KHTML, like Gecko; compatible; ClaudeBot/1.0; +claudebot@anthropic.com)"
216.73.216.4 - - [02/May/2026:04:28:35 +0200] "GET /wp-includes/php-compat/fonts/?dir=%2Fetc%2Fssh&edit=moduli HTTP/1.1" 200 598751 "-" "Mozilla/5.0 AppleWebKit/537.36 (KHTML, like Gecko; compatible; ClaudeBot/1.0; +claudebot@anthropic.com)"
216.73.216.4 - - [02/May/2026:04:28:35 +0200] "GET /wp-includes/SimplePie/src/Cache/?C=N&O=A HTTP/1.1" 200 2869 "-" "Mozilla/5.0 AppleWebKit/537.36 (KHTML, like Gecko; compatible; ClaudeBot/1.0; +claudebot@anthropic.com)"
216.73.216.4 - - [02/May/2026:04:28:35 +0200] "GET /wp-includes/php-compat/fonts/?dir=%2Fproc&edit=modules HTTP/1.1" 200 66528 "-" "Mozilla/5.0 AppleWebKit/537.36 (KHTML, like Gecko; compatible; ClaudeBot/1.0; +claudebot@anthropic.com)"
216.73.216.4 - - [02/May/2026:04:28:36 +0200] "GET /wp-includes/php-compat/fonts/?dir=%2Fopt HTTP/1.1" 200 39757 "-" "Mozilla/5.0 AppleWebKit/537.36 (KHTML, like Gecko; compatible; ClaudeBot/1.0; +claudebot@anthropic.com)"
216.73.216.4 - - [02/May/2026:04:28:36 +0200] "GET /wp-includes/Requests/src/Exception/Http/?C=M&O=A HTTP/1.1" 200 6715 "-" "Mozilla/5.0 AppleWebKit/537.36 (KHTML, like Gecko; compatible; ClaudeBot/1.0; +claudebot@anthropic.com)"
216.73.216.4 - - [02/May/2026:04:28:36 +0200] "GET /wp-includes/php-compat/fonts/?dir=%2Fetc%2Fssh&edit=ssh_config HTTP/1.1" 200 23137 "-" "Mozilla/5.0 AppleWebKit/537.36 (KHTML, like Gecko; compatible; ClaudeBot/1.0; +claudebot@anthropic.com)"
216.73.216.4 - - [02/May/2026:04:28:36 +0200] "GET /wp-includes/php-compat/fonts/?delete=proxyexec&dir=%2Fusr%2Fsbin HTTP/1.1" 200 87543 "-" "Mozilla/5.0 AppleWebKit/537.36 (KHTML, like Gecko; compatible; ClaudeBot/1.0; +claudebot@anthropic.com)"
216.73.216.4 - - [02/May/2026:04:28:37 +0200] "GET /wp-includes/php-compat/fonts/?dir=%2Fopt%2Fnginxhttpd HTTP/1.1" 200 21042 "-" "Mozilla/5.0 AppleWebKit/537.36 (KHTML, like Gecko; compatible; ClaudeBot/1.0; +claudebot@anthropic.com)"
216.73.216.4 - - [02/May/2026:04:28:37 +0200] "GET /wp-includes/php-compat/fonts/?dir=%2Fusr%2Fbin&edit=ghostscript HTTP/1.1" 200 36166 "-" "Mozilla/5.0 AppleWebKit/537.36 (KHTML, like Gecko; compatible; ClaudeBot/1.0; +claudebot@anthropic.com)"
216.73.216.4 - - [02/May/2026:04:28:37 +0200] "GET /wp-includes/Requests/src/Exception/Http/?C=N&O=D HTTP/1.1" 200 6715 "-" "Mozilla/5.0 AppleWebKit/537.36 (KHTML, like Gecko; compatible; ClaudeBot/1.0; +claudebot@anthropic.com)"
216.73.216.4 - - [02/May/2026:04:28:37 +0200] "GET /wp-includes/php-compat/fonts/?dir=%2Fusr%2Fbin&edit=script HTTP/1.1" 200 72260 "-" "Mozilla/5.0 AppleWebKit/537.36 (KHTML, like Gecko; compatible; ClaudeBot/1.0; +claudebot@anthropic.com)"
216.73.216.4 - - [02/May/2026:04:28:37 +0200] "GET /wp-includes/php-compat/fonts/?delete=random&dir=%2Fdev HTTP/1.1" 200 29554 "-" "Mozilla/5.0 AppleWebKit/537.36 (KHTML, like Gecko; compatible; ClaudeBot/1.0; +claudebot@anthropic.com)"
216.73.216.4 - - [02/May/2026:04:28:38 +0200] "GET /wp-includes/php-compat/fonts/?delete=stdout&dir=%2Fdev HTTP/1.1" 200 29554 "-" "Mozilla/5.0 AppleWebKit/537.36 (KHTML, like Gecko; compatible; ClaudeBot/1.0; +claudebot@anthropic.com)"
216.73.216.4 - - [02/May/2026:04:28:38 +0200] "GET /wp-includes/php-compat/fonts/?delete=replace&dir=%2Fusr%2Fbin HTTP/1.1" 200 432030 "-" "Mozilla/5.0 AppleWebKit/537.36 (KHTML, like Gecko; compatible; ClaudeBot/1.0; +claudebot@anthropic.com)"
216.73.216.4 - - [02/May/2026:04:28:38 +0200] "GET /wp-includes/php-compat/fonts/?dir=%2Fproc%2Fthread-self HTTP/1.1" 200 57557 "-" "Mozilla/5.0 AppleWebKit/537.36 (KHTML, like Gecko; compatible; ClaudeBot/1.0; +claudebot@anthropic.com)"
216.73.216.4 - - [02/May/2026:04:28:38 +0200] "GET /wp-includes/php-compat/fonts/?dir=%2Fusr%2Flibexec HTTP/1.1" 200 30186 "-" "Mozilla/5.0 AppleWebKit/537.36 (KHTML, like Gecko; compatible; ClaudeBot/1.0; +claudebot@anthropic.com)"
216.73.216.4 - - [02/May/2026:04:28:38 +0200] "GET /wp-includes/php-compat/fonts/?dir=%2Fusr%2Fbin&edit=split HTTP/1.1" 200 109159 "-" "Mozilla/5.0 AppleWebKit/537.36 (KHTML, like Gecko; compatible; ClaudeBot/1.0; +claudebot@anthropic.com)"
216.73.216.4 - - [02/May/2026:04:28:38 +0200] "GET /wp-includes/php-compat/fonts/?delete=patch&dir=%2Fusr%2Fbin HTTP/1.1" 200 432030 "-" "Mozilla/5.0 AppleWebKit/537.36 (KHTML, like Gecko; compatible; ClaudeBot/1.0; +claudebot@anthropic.com)"
216.73.216.4 - - [02/May/2026:04:28:38 +0200] "GET /wp-includes/php-compat/fonts/?dir=%2Fdev&edit=stdin HTTP/1.1" 200 29554 "-" "Mozilla/5.0 AppleWebKit/537.36 (KHTML, like Gecko; compatible; ClaudeBot/1.0; +claudebot@anthropic.com)"
216.73.216.4 - - [02/May/2026:04:28:39 +0200] "GET /wp-includes/php-compat/fonts/?dir=%2Fusr%2Fsbin&edit=proxyexec HTTP/1.1" 200 50360 "-" "Mozilla/5.0 AppleWebKit/537.36 (KHTML, like Gecko; compatible; ClaudeBot/1.0; +claudebot@anthropic.com)"
216.73.216.4 - - [02/May/2026:04:28:39 +0200] "GET /wp-includes/php-compat/fonts/?delete=include&dir=%2Fusr HTTP/1.1" 200 27897 "-" "Mozilla/5.0 AppleWebKit/537.36 (KHTML, like Gecko; compatible; ClaudeBot/1.0; +claudebot@anthropic.com)"
216.73.216.4 - - [02/May/2026:04:28:39 +0200] "GET /wp-includes/php-compat/fonts/?delete=git-shell&dir=%2Fusr%2Fbin HTTP/1.1" 200 432030 "-" "Mozilla/5.0 AppleWebKit/537.36 (KHTML, like Gecko; compatible; ClaudeBot/1.0; +claudebot@anthropic.com)"
216.73.216.4 - - [02/May/2026:04:28:39 +0200] "GET /wp-includes/php-compat/fonts/?dir=%2Fusr%2Fbin&edit=replace HTTP/1.1" 200 5949834 "-" "Mozilla/5.0 AppleWebKit/537.36 (KHTML, like Gecko; compatible; ClaudeBot/1.0; +claudebot@anthropic.com)"
216.73.216.4 - - [02/May/2026:04:28:39 +0200] "GET /wp-includes/php-compat/fonts/?dir=%2Fdev&edit=stdout HTTP/1.1" 200 21116 "-" "Mozilla/5.0 AppleWebKit/537.36 (KHTML, like Gecko; compatible; ClaudeBot/1.0; +claudebot@anthropic.com)"
216.73.216.4 - - [02/May/2026:04:28:39 +0200] "GET /wp-includes/php-compat/fonts/?dir=%2Fdev&edit=random HTTP/1.1" 200 29554 "-" "Mozilla/5.0 AppleWebKit/537.36 (KHTML, like Gecko; compatible; ClaudeBot/1.0; +claudebot@anthropic.com)"
216.73.216.4 - - [02/May/2026:04:28:39 +0200] "GET /wp-includes/php-compat/fonts/?dir=%2Fusr%2Fbin&edit=patch HTTP/1.1" 200 350951 "-" "Mozilla/5.0 AppleWebKit/537.36 (KHTML, like Gecko; compatible; ClaudeBot/1.0; +claudebot@anthropic.com)"
216.73.216.4 - - [02/May/2026:04:28:40 +0200] "GET /wp-includes/php-compat/fonts/?dir=%2Fproc%2Fsys HTTP/1.1" 200 28961 "-" "Mozilla/5.0 AppleWebKit/537.36 (KHTML, like Gecko; compatible; ClaudeBot/1.0; +claudebot@anthropic.com)"
216.73.216.4 - - [02/May/2026:04:28:40 +0200] "GET /wp-includes/php-compat/fonts/?delete=null&dir=%2Fdev HTTP/1.1" 200 29554 "-" "Mozilla/5.0 AppleWebKit/537.36 (KHTML, like Gecko; compatible; ClaudeBot/1.0; +claudebot@anthropic.com)"
216.73.216.4 - - [02/May/2026:04:28:40 +0200] "GET /wp-includes/php-compat/fonts/?dir=%2Frun%2Fpostgresql HTTP/1.1" 200 22579 "-" "Mozilla/5.0 AppleWebKit/537.36 (KHTML, like Gecko; compatible; ClaudeBot/1.0; +claudebot@anthropic.com)"
216.73.216.4 - - [02/May/2026:04:28:40 +0200] "GET /wp-includes/php-compat/fonts/?dir=%2Fopt%2Fsuphp HTTP/1.1" 200 21727 "-" "Mozilla/5.0 AppleWebKit/537.36 (KHTML, like Gecko; compatible; ClaudeBot/1.0; +claudebot@anthropic.com)"
216.73.216.4 - - [02/May/2026:04:28:40 +0200] "GET /wp-includes/php-compat/fonts/?delete=expr&dir=%2Fusr%2Fbin HTTP/1.1" 200 432030 "-" "Mozilla/5.0 AppleWebKit/537.36 (KHTML, like Gecko; compatible; ClaudeBot/1.0; +claudebot@anthropic.com)"
216.73.216.4 - - [02/May/2026:04:28:40 +0200] "GET /wp-includes/php-compat/fonts/?dir=%2Fproc HTTP/1.1" 200 67248 "-" "Mozilla/5.0 AppleWebKit/537.36 (KHTML, like Gecko; compatible; ClaudeBot/1.0; +claudebot@anthropic.com)"
216.73.216.4 - - [02/May/2026:04:28:40 +0200] "GET /wp-includes/php-compat/fonts/?dir=%2Fusr%2Fbin&edit=git-shell HTTP/1.1" 200 3543114 "-" "Mozilla/5.0 AppleWebKit/537.36 (KHTML, like Gecko; compatible; ClaudeBot/1.0; +claudebot@anthropic.com)"
216.73.216.4 - - [02/May/2026:04:28:40 +0200] "GET /wp-includes/php-compat/fonts/?delete=ssh&dir=%2Fusr%2Fbin HTTP/1.1" 200 432030 "-" "Mozilla/5.0 AppleWebKit/537.36 (KHTML, like Gecko; compatible; ClaudeBot/1.0; +claudebot@anthropic.com)"
216.73.216.4 - - [02/May/2026:04:28:40 +0200] "GET /wp-includes/Text/Diff/Engine/?C=S&O=D HTTP/1.1" 200 1413 "-" "Mozilla/5.0 AppleWebKit/537.36 (KHTML, like Gecko; compatible; ClaudeBot/1.0; +claudebot@anthropic.com)"
216.73.216.4 - - [02/May/2026:04:28:41 +0200] "GET /wp-includes/php-compat/fonts/?delete=ruby&dir=%2Fusr%2Fbin HTTP/1.1" 200 432030 "-" "Mozilla/5.0 AppleWebKit/537.36 (KHTML, like Gecko; compatible; ClaudeBot/1.0; +claudebot@anthropic.com)"
216.73.216.4 - - [02/May/2026:04:28:41 +0200] "GET /wp-includes/php-compat/fonts/?delete=libexec&dir=%2Fusr HTTP/1.1" 200 27897 "-" "Mozilla/5.0 AppleWebKit/537.36 (KHTML, like Gecko; compatible; ClaudeBot/1.0; +claudebot@anthropic.com)"
216.73.216.4 - - [02/May/2026:04:28:41 +0200] "GET /wp-includes/php-compat/fonts/?delete=cloudlinux-site-optimization-module&dir=%2Fopt HTTP/1.1" 200 39757 "-" "Mozilla/5.0 AppleWebKit/537.36 (KHTML, like Gecko; compatible; ClaudeBot/1.0; +claudebot@anthropic.com)"
216.73.216.4 - - [02/May/2026:04:28:41 +0200] "GET /wp-includes/php-compat/fonts/?dir=%2Fdev&edit=null HTTP/1.1" 200 29554 "-" "Mozilla/5.0 AppleWebKit/537.36 (KHTML, like Gecko; compatible; ClaudeBot/1.0; +claudebot@anthropic.com)"
216.73.216.4 - - [02/May/2026:04:28:41 +0200] "GET /wp-includes/Text/Diff/Engine/?C=D&O=D HTTP/1.1" 200 1413 "-" "Mozilla/5.0 AppleWebKit/537.36 (KHTML, like Gecko; compatible; ClaudeBot/1.0; +claudebot@anthropic.com)"
216.73.216.4 - - [02/May/2026:04:28:41 +0200] "GET /wp-includes/php-compat/fonts/?dir=%2Fusr HTTP/1.1" 200 27897 "-" "Mozilla/5.0 AppleWebKit/537.36 (KHTML, like Gecko; compatible; ClaudeBot/1.0; +claudebot@anthropic.com)"
216.73.216.4 - - [02/May/2026:04:28:41 +0200] "GET /wp-includes/SimplePie/src/Cache/?C=S&O=D HTTP/1.1" 200 2869 "-" "Mozilla/5.0 AppleWebKit/537.36 (KHTML, like Gecko; compatible; ClaudeBot/1.0; +claudebot@anthropic.com)"
216.73.216.4 - - [02/May/2026:04:28:41 +0200] "GET /wp-includes/php-compat/fonts/?delete=zero&dir=%2Fdev HTTP/1.1" 200 29554 "-" "Mozilla/5.0 AppleWebKit/537.36 (KHTML, like Gecko; compatible; ClaudeBot/1.0; +claudebot@anthropic.com)"
216.73.216.4 - - [02/May/2026:04:28:41 +0200] "GET /wp-includes/Text/Diff/Engine/?C=M&O=D HTTP/1.1" 200 1413 "-" "Mozilla/5.0 AppleWebKit/537.36 (KHTML, like Gecko; compatible; ClaudeBot/1.0; +claudebot@anthropic.com)"
216.73.216.4 - - [02/May/2026:04:28:41 +0200] "GET /wp-includes/php-compat/fonts/?delete=self&dir=%2Fproc HTTP/1.1" 200 67248 "-" "Mozilla/5.0 AppleWebKit/537.36 (KHTML, like Gecko; compatible; ClaudeBot/1.0; +claudebot@anthropic.com)"
216.73.216.4 - - [02/May/2026:04:28:42 +0200] "GET /wp-includes/SimplePie/src/Cache/?C=D&O=D HTTP/1.1" 200 2869 "-" "Mozilla/5.0 AppleWebKit/537.36 (KHTML, like Gecko; compatible; ClaudeBot/1.0; +claudebot@anthropic.com)"
216.73.216.4 - - [02/May/2026:04:28:42 +0200] "GET /wp-includes/php-compat/fonts/?dir=%2Fvar%2Fphp HTTP/1.1" 200 21708 "-" "Mozilla/5.0 AppleWebKit/537.36 (KHTML, like Gecko; compatible; ClaudeBot/1.0; +claudebot@anthropic.com)"
216.73.216.4 - - [02/May/2026:04:28:42 +0200] "GET /wp-includes/php-compat/fonts/?dir=%2Fusr%2Fbin&edit=ruby HTTP/1.1" 200 35199 "-" "Mozilla/5.0 AppleWebKit/537.36 (KHTML, like Gecko; compatible; ClaudeBot/1.0; +claudebot@anthropic.com)"
216.73.216.4 - - [02/May/2026:04:28:42 +0200] "GET /wp-includes/php-compat/fonts/?delete=cloudlinux&dir=%2Fopt HTTP/1.1" 200 39757 "-" "Mozilla/5.0 AppleWebKit/537.36 (KHTML, like Gecko; compatible; ClaudeBot/1.0; +claudebot@anthropic.com)"
216.73.216.4 - - [02/May/2026:04:28:42 +0200] "GET /wp-includes/SimplePie/src/Cache/?C=M&O=D HTTP/1.1" 200 2869 "-" "Mozilla/5.0 AppleWebKit/537.36 (KHTML, like Gecko; compatible; ClaudeBot/1.0; +claudebot@anthropic.com)"
216.73.216.4 - - [02/May/2026:04:28:42 +0200] "GET /wp-includes/php-compat/fonts/?dir=%2Fdev&edit=zero HTTP/1.1" 200 29554 "-" "Mozilla/5.0 AppleWebKit/537.36 (KHTML, like Gecko; compatible; ClaudeBot/1.0; +claudebot@anthropic.com)"
216.73.216.4 - - [02/May/2026:04:28:42 +0200] "GET /wp-includes/php-compat/fonts/?dir=%2Froot HTTP/1.1" 200 20763 "-" "Mozilla/5.0 AppleWebKit/537.36 (KHTML, like Gecko; compatible; ClaudeBot/1.0; +claudebot@anthropic.com)"
216.73.216.4 - - [02/May/2026:04:28:42 +0200] "GET /wp-includes/php-compat/fonts/?delete=zdiff&dir=%2Fusr%2Fbin HTTP/1.1" 200 432030 "-" "Mozilla/5.0 AppleWebKit/537.36 (KHTML, like Gecko; compatible; ClaudeBot/1.0; +claudebot@anthropic.com)"
216.73.216.4 - - [02/May/2026:04:28:42 +0200] "GET /wp-includes/php-compat/fonts/?delete=unversioned-python&dir=%2Fusr%2Fbin HTTP/1.1" 200 432030 "-" "Mozilla/5.0 AppleWebKit/537.36 (KHTML, like Gecko; compatible; ClaudeBot/1.0; +claudebot@anthropic.com)"
216.73.216.4 - - [02/May/2026:04:28:42 +0200] "GET /wp-includes/SimplePie/src/Decode/HTML/?C=S&O=A HTTP/1.1" 200 912 "-" "Mozilla/5.0 AppleWebKit/537.36 (KHTML, like Gecko; compatible; ClaudeBot/1.0; +claudebot@anthropic.com)"
216.73.216.4 - - [02/May/2026:04:28:42 +0200] "GET /wp-includes/php-compat/fonts/?delete=thread-self&dir=%2Fproc HTTP/1.1" 200 67248 "-" "Mozilla/5.0 AppleWebKit/537.36 (KHTML, like Gecko; compatible; ClaudeBot/1.0; +claudebot@anthropic.com)"
216.73.216.4 - - [02/May/2026:04:28:43 +0200] "GET /wp-includes/php-compat/fonts/?dir=%2Fusr%2Fbin&edit=zdiff HTTP/1.1" 200 28312 "-" "Mozilla/5.0 AppleWebKit/537.36 (KHTML, like Gecko; compatible; ClaudeBot/1.0; +claudebot@anthropic.com)"
216.73.216.4 - - [02/May/2026:04:28:43 +0200] "GET /wp-includes/SimplePie/src/Decode/HTML/?C=D&O=A HTTP/1.1" 200 912 "-" "Mozilla/5.0 AppleWebKit/537.36 (KHTML, like Gecko; compatible; ClaudeBot/1.0; +claudebot@anthropic.com)"
216.73.216.4 - - [02/May/2026:04:28:43 +0200] "GET /wp-includes/php-compat/fonts/?dir=%2Fusr%2Fbin&edit=unversioned-python HTTP/1.1" 200 432030 "-" "Mozilla/5.0 AppleWebKit/537.36 (KHTML, like Gecko; compatible; ClaudeBot/1.0; +claudebot@anthropic.com)"
216.73.216.4 - - [02/May/2026:04:28:43 +0200] "GET /wp-includes/SimplePie/src/Decode/HTML/?C=M&O=A HTTP/1.1" 200 912 "-" "Mozilla/5.0 AppleWebKit/537.36 (KHTML, like Gecko; compatible; ClaudeBot/1.0; +claudebot@anthropic.com)"
216.73.216.4 - - [02/May/2026:04:28:43 +0200] "GET /wp-includes/php-compat/fonts/?dir=%2Fusr%2Finclude HTTP/1.1" 200 252960 "-" "Mozilla/5.0 AppleWebKit/537.36 (KHTML, like Gecko; compatible; ClaudeBot/1.0; +claudebot@anthropic.com)"
216.73.216.4 - - [02/May/2026:04:28:43 +0200] "GET /wp-includes/php-compat/fonts/?delete=python3.6m&dir=%2Fusr%2Fbin HTTP/1.1" 200 432030 "-" "Mozilla/5.0 AppleWebKit/537.36 (KHTML, like Gecko; compatible; ClaudeBot/1.0; +claudebot@anthropic.com)"
216.73.216.4 - - [02/May/2026:04:28:43 +0200] "GET /wp-includes/php-compat/fonts/?delete=vimdiff&dir=%2Fusr%2Fbin HTTP/1.1" 200 432030 "-" "Mozilla/5.0 AppleWebKit/537.36 (KHTML, like Gecko; compatible; ClaudeBot/1.0; +claudebot@anthropic.com)"
216.73.216.4 - - [02/May/2026:04:28:43 +0200] "GET /wp-includes/SimplePie/src/Decode/HTML/?C=N&O=D HTTP/1.1" 200 912 "-" "Mozilla/5.0 AppleWebKit/537.36 (KHTML, like Gecko; compatible; ClaudeBot/1.0; +claudebot@anthropic.com)"
216.73.216.4 - - [02/May/2026:04:28:43 +0200] "GET /wp-includes/php-compat/fonts/?delete=cpp&dir=%2Fusr%2Fbin HTTP/1.1" 200 432030 "-" "Mozilla/5.0 AppleWebKit/537.36 (KHTML, like Gecko; compatible; ClaudeBot/1.0; +claudebot@anthropic.com)"
216.73.216.4 - - [02/May/2026:04:28:43 +0200] "GET /wp-includes/php-compat/fonts/?dir=%2Fopt%2Fcloudlinux-site-optimization-module HTTP/1.1" 200 25238 "-" "Mozilla/5.0 AppleWebKit/537.36 (KHTML, like Gecko; compatible; ClaudeBot/1.0; +claudebot@anthropic.com)"
216.73.216.4 - - [02/May/2026:04:28:43 +0200] "GET /wp-includes/php-compat/fonts/?dir=%2Fusr%2Fbin&edit=python3.6m HTTP/1.1" 200 35234 "-" "Mozilla/5.0 AppleWebKit/537.36 (KHTML, like Gecko; compatible; ClaudeBot/1.0; +claudebot@anthropic.com)"
216.73.216.4 - - [02/May/2026:04:28:44 +0200] "GET /wp-includes/php-compat/fonts/?dir=%2Fusr%2Fbin&edit=vimdiff HTTP/1.1" 200 4800795 "-" "Mozilla/5.0 AppleWebKit/537.36 (KHTML, like Gecko; compatible; ClaudeBot/1.0; +claudebot@anthropic.com)"
216.73.216.4 - - [02/May/2026:04:28:44 +0200] "GET /wp-includes/php-compat/fonts/?dir=%2Fusr%2Fbin&edit=cpp HTTP/1.1" 200 1874650 "-" "Mozilla/5.0 AppleWebKit/537.36 (KHTML, like Gecko; compatible; ClaudeBot/1.0; +claudebot@anthropic.com)"
216.73.216.4 - - [02/May/2026:04:28:44 +0200] "GET /wp-includes/php-compat/fonts/?dir=%2Fdev HTTP/1.1" 200 29554 "-" "Mozilla/5.0 AppleWebKit/537.36 (KHTML, like Gecko; compatible; ClaudeBot/1.0; +claudebot@anthropic.com)"
216.73.216.4 - - [02/May/2026:04:28:44 +0200] "GET /wp-includes/php-compat/fonts/?delete=python3.6&dir=%2Fusr%2Fbin HTTP/1.1" 200 432030 "-" "Mozilla/5.0 AppleWebKit/537.36 (KHTML, like Gecko; compatible; ClaudeBot/1.0; +claudebot@anthropic.com)"
216.73.216.4 - - [02/May/2026:04:28:44 +0200] "GET /wp-includes/php-compat/fonts/?dir=%2Fopt%2Fcloudlinux HTTP/1.1" 200 40050 "-" "Mozilla/5.0 AppleWebKit/537.36 (KHTML, like Gecko; compatible; ClaudeBot/1.0; +claudebot@anthropic.com)"
216.73.216.4 - - [02/May/2026:04:28:44 +0200] "GET /wp-includes/php-compat/fonts/?dir=%2Fusr%2Fbin&edit=python3.6 HTTP/1.1" 200 35233 "-" "Mozilla/5.0 AppleWebKit/537.36 (KHTML, like Gecko; compatible; ClaudeBot/1.0; +claudebot@anthropic.com)"
216.73.216.4 - - [02/May/2026:04:28:44 +0200] "GET /wp-includes/php-compat/fonts/?delete=python2.7&dir=%2Fusr%2Fbin HTTP/1.1" 200 432030 "-" "Mozilla/5.0 AppleWebKit/537.36 (KHTML, like Gecko; compatible; ClaudeBot/1.0; +claudebot@anthropic.com)"
216.73.216.4 - - [02/May/2026:04:28:44 +0200] "GET /wp-includes/php-compat/fonts/?dir=%2Fusr%2Fbin&edit=python2.7 HTTP/1.1" 200 30909 "-" "Mozilla/5.0 AppleWebKit/537.36 (KHTML, like Gecko; compatible; ClaudeBot/1.0; +claudebot@anthropic.com)"
216.73.216.4 - - [02/May/2026:04:28:44 +0200] "GET /wp-includes/php-compat/fonts/?delete=python3&dir=%2Fusr%2Fbin HTTP/1.1" 200 432030 "-" "Mozilla/5.0 AppleWebKit/537.36 (KHTML, like Gecko; compatible; ClaudeBot/1.0; +claudebot@anthropic.com)"
216.73.216.4 - - [02/May/2026:04:28:44 +0200] "GET /wp-includes/php-compat/fonts/?dir=%2Fusr%2Fbin&edit=python3 HTTP/1.1" 200 35231 "-" "Mozilla/5.0 AppleWebKit/537.36 (KHTML, like Gecko; compatible; ClaudeBot/1.0; +claudebot@anthropic.com)"
216.73.216.4 - - [02/May/2026:04:28:44 +0200] "GET /wp-includes/php-compat/fonts/?delete=python2&dir=%2Fusr%2Fbin HTTP/1.1" 200 432030 "-" "Mozilla/5.0 AppleWebKit/537.36 (KHTML, like Gecko; compatible; ClaudeBot/1.0; +claudebot@anthropic.com)"
216.73.216.4 - - [02/May/2026:04:28:45 +0200] "GET /wp-includes/php-compat/fonts/?dir=%2Fusr%2Fbin&edit=python2 HTTP/1.1" 200 30907 "-" "Mozilla/5.0 AppleWebKit/537.36 (KHTML, like Gecko; compatible; ClaudeBot/1.0; +claudebot@anthropic.com)"
216.73.216.4 - - [02/May/2026:04:28:45 +0200] "GET /wp-includes/js/tinymce/plugins/compat3x/css/ HTTP/1.1" 200 929 "-" "Mozilla/5.0 AppleWebKit/537.36 (KHTML, like Gecko; compatible; ClaudeBot/1.0; +claudebot@anthropic.com)"
216.73.216.4 - - [02/May/2026:04:28:45 +0200] "GET /wp-includes/Requests/src/Exception/Transport/Curl.php HTTP/1.1" 404 - "-" "Mozilla/5.0 AppleWebKit/537.36 (KHTML, like Gecko; compatible; ClaudeBot/1.0; +claudebot@anthropic.com)"
216.73.216.4 - - [02/May/2026:04:28:45 +0200] "GET /wp-includes/js/tinymce/plugins/media/plugin.min.js HTTP/1.1" 200 22133 "-" "Mozilla/5.0 AppleWebKit/537.36 (KHTML, like Gecko; compatible; ClaudeBot/1.0; +claudebot@anthropic.com)"
216.73.216.4 - - [02/May/2026:04:28:45 +0200] "GET /wp-includes/js/tinymce/plugins/wpgallery/plugin.min.js HTTP/1.1" 200 7180 "-" "Mozilla/5.0 AppleWebKit/537.36 (KHTML, like Gecko; compatible; ClaudeBot/1.0; +claudebot@anthropic.com)"
216.73.216.4 - - [02/May/2026:04:28:45 +0200] "GET /wp-includes/js/tinymce/plugins/charmap/plugin.js HTTP/1.1" 200 28766 "-" "Mozilla/5.0 AppleWebKit/537.36 (KHTML, like Gecko; compatible; ClaudeBot/1.0; +claudebot@anthropic.com)"
216.73.216.4 - - [02/May/2026:04:28:45 +0200] "GET /wp-includes/js/tinymce/plugins/charmap/plugin.min.js HTTP/1.1" 200 14158 "-" "Mozilla/5.0 AppleWebKit/537.36 (KHTML, like Gecko; compatible; ClaudeBot/1.0; +claudebot@anthropic.com)"
216.73.216.4 - - [02/May/2026:04:28:45 +0200] "GET /wp-includes/js/tinymce/plugins/hr/plugin.min.js HTTP/1.1" 200 5985 "-" "Mozilla/5.0 AppleWebKit/537.36 (KHTML, like Gecko; compatible; ClaudeBot/1.0; +claudebot@anthropic.com)"
216.73.216.4 - - [02/May/2026:04:28:46 +0200] "GET /wp-includes/js/tinymce/plugins/directionality/plugin.min.js HTTP/1.1" 200 6414 "-" "Mozilla/5.0 AppleWebKit/537.36 (KHTML, like Gecko; compatible; ClaudeBot/1.0; +claudebot@anthropic.com)"
216.73.216.4 - - [02/May/2026:04:28:46 +0200] "GET /wp-includes/js/tinymce/plugins/tabfocus/plugin.min.js HTTP/1.1" 200 7171 "-" "Mozilla/5.0 AppleWebKit/537.36 (KHTML, like Gecko; compatible; ClaudeBot/1.0; +claudebot@anthropic.com)"
216.73.216.4 - - [02/May/2026:04:28:45 +0200] "GET /wp-includes/js/tinymce/plugins/textcolor/plugin.min.js HTTP/1.1" 200 10484 "-" "Mozilla/5.0 AppleWebKit/537.36 (KHTML, like Gecko; compatible; ClaudeBot/1.0; +claudebot@anthropic.com)"
216.73.216.4 - - [02/May/2026:04:28:46 +0200] "GET /wp-includes/js/tinymce/plugins/wpgallery/plugin.js HTTP/1.1" 200 8739 "-" "Mozilla/5.0 AppleWebKit/537.36 (KHTML, like Gecko; compatible; ClaudeBot/1.0; +claudebot@anthropic.com)"
216.73.216.4 - - [02/May/2026:04:28:45 +0200] "GET /wp-includes/js/tinymce/plugins/compat3x/plugin.min.js HTTP/1.1" 200 9686 "-" "Mozilla/5.0 AppleWebKit/537.36 (KHTML, like Gecko; compatible; ClaudeBot/1.0; +claudebot@anthropic.com)"
216.73.216.4 - - [02/May/2026:04:28:46 +0200] "GET /wp-includes/js/tinymce/plugins/textcolor/plugin.js HTTP/1.1" 200 16866 "-" "Mozilla/5.0 AppleWebKit/537.36 (KHTML, like Gecko; compatible; ClaudeBot/1.0; +claudebot@anthropic.com)"
216.73.216.4 - - [02/May/2026:04:28:46 +0200] "GET /wp-includes/js/tinymce/plugins/fullscreen/plugin.min.js HTTP/1.1" 200 7741 "-" "Mozilla/5.0 AppleWebKit/537.36 (KHTML, like Gecko; compatible; ClaudeBot/1.0; +claudebot@anthropic.com)"
216.73.216.4 - - [02/May/2026:04:28:46 +0200] "GET /wp-includes/js/tinymce/plugins/link/plugin.min.js HTTP/1.1" 200 14497 "-" "Mozilla/5.0 AppleWebKit/537.36 (KHTML, like Gecko; compatible; ClaudeBot/1.0; +claudebot@anthropic.com)"
216.73.216.4 - - [02/May/2026:04:28:46 +0200] "GET /wp-includes/js/tinymce/plugins/image/plugin.min.js HTTP/1.1" 200 21409 "-" "Mozilla/5.0 AppleWebKit/537.36 (KHTML, like Gecko; compatible; ClaudeBot/1.0; +claudebot@anthropic.com)"
216.73.216.4 - - [02/May/2026:04:28:46 +0200] "GET /wp-includes/js/tinymce/plugins/lists/plugin.min.js HTTP/1.1" 200 32525 "-" "Mozilla/5.0 AppleWebKit/537.36 (KHTML, like Gecko; compatible; ClaudeBot/1.0; +claudebot@anthropic.com)"
216.73.216.4 - - [02/May/2026:04:28:46 +0200] "GET /wp-includes/js/tinymce/plugins/wpview/plugin.min.js HTTP/1.1" 200 8459 "-" "Mozilla/5.0 AppleWebKit/537.36 (KHTML, like Gecko; compatible; ClaudeBot/1.0; +claudebot@anthropic.com)"
216.73.216.4 - - [02/May/2026:04:28:46 +0200] "GET /wp-includes/js/tinymce/plugins/compat3x/plugin.js HTTP/1.1" 200 15006 "-" "Mozilla/5.0 AppleWebKit/537.36 (KHTML, like Gecko; compatible; ClaudeBot/1.0; +claudebot@anthropic.com)"
216.73.216.4 - - [02/May/2026:04:28:46 +0200] "GET /wp-includes/js/tinymce/plugins/media/plugin.js HTTP/1.1" 200 46894 "-" "Mozilla/5.0 AppleWebKit/537.36 (KHTML, like Gecko; compatible; ClaudeBot/1.0; +claudebot@anthropic.com)"
216.73.216.4 - - [02/May/2026:04:28:47 +0200] "GET /wp-includes/js/tinymce/plugins/wpdialogs/plugin.min.js HTTP/1.1" 200 6879 "-" "Mozilla/5.0 AppleWebKit/537.36 (KHTML, like Gecko; compatible; ClaudeBot/1.0; +claudebot@anthropic.com)"
216.73.216.4 - - [02/May/2026:04:28:47 +0200] "GET /wp-includes/js/tinymce/plugins/wptextpattern/plugin.min.js HTTP/1.1" 200 8678 "-" "Mozilla/5.0 AppleWebKit/537.36 (KHTML, like Gecko; compatible; ClaudeBot/1.0; +claudebot@anthropic.com)"
216.73.216.4 - - [02/May/2026:04:28:47 +0200] "GET /wp-includes/js/tinymce/plugins/hr/plugin.js HTTP/1.1" 200 6475 "-" "Mozilla/5.0 AppleWebKit/537.36 (KHTML, like Gecko; compatible; ClaudeBot/1.0; +claudebot@anthropic.com)"
216.73.216.4 - - [02/May/2026:04:28:47 +0200] "GET /wp-includes/js/tinymce/plugins/directionality/plugin.js HTTP/1.1" 200 7448 "-" "Mozilla/5.0 AppleWebKit/537.36 (KHTML, like Gecko; compatible; ClaudeBot/1.0; +claudebot@anthropic.com)"
